-- https://www.phpmyadmin.net/
--
-- 主機： localhost:3306
-- 產生時間： 2023 年 09 月 04 日 21:18
-- 伺服器版本： 8.0.34-cll-lve
-- PHP 版本： 8.1.16

START TRANSACTION;



-- --------------------------------------------------------

--
-- 資料表結構 `_sys_group`
--

CREATE TABLE `_sys_group` (
  `id` int NOT NULL,
  `name` varchar(255) NOT NULL
) ENGINE=MyISAM DEFAULT CHARSET=utf8mb3 COMMENT='後台登入群組';

--
-- 傾印資料表的資料 `_sys_group`
--

INSERT INTO `_sys_group` (`id`, `name`) VALUES
(1, '參數操作員'),
(101, '管理員');

-- --------------------------------------------------------

--
-- 資料表結構 `_sys_group_perm`
--

CREATE TABLE `_sys_group_perm` (
  `id` int NOT NULL,
  `admin_id` int DEFAULT NULL,
  `group_id` int DEFAULT NULL,
  `perm_id` int NOT NULL,
  `s_tag` tinyint DEFAULT NULL,
  `a_tag` tinyint DEFAULT NULL,
  `e_tag` tinyint DEFAULT NULL,
  `d_tag` tinyint DEFAULT NULL
) ENGINE=MyISAM DEFAULT CHARSET=utf8mb3 COMMENT='後台權限參數';

--
-- 傾印資料表的資料 `_sys_group_perm`
--

INSERT INTO `_sys_group_perm` (`id`, `admin_id`, `group_id`, `perm_id`, `s_tag`, `a_tag`, `e_tag`, `d_tag`) VALUES
(426, NULL, 100, 56, NULL, NULL, NULL, NULL),
(427, NULL, 100, 1, NULL, NULL, NULL, NULL),
(428, NULL, 100, 3, NULL, NULL, NULL, NULL),
(429, NULL, 100, 61, NULL, NULL, NULL, NULL),
(430, NULL, 100, 63, NULL, NULL, NULL, NULL),
(431, NULL, 100, 64, NULL, NULL, NULL, NULL),
(432, NULL, 100, 65, NULL, NULL, NULL, NULL),
(433, NULL, 100, 66, NULL, NULL, NULL, NULL),
(434, NULL, 100, 60, NULL, NULL, NULL, NULL),
(435, NULL, 100, 59, NULL, NULL, NULL, NULL),
(436, NULL, 100, 62, NULL, NULL, NULL, NULL),
(437, NULL, 100, 67, NULL, NULL, NULL, NULL),
(438, NULL, 100, 68, NULL, NULL, NULL, NULL),
(439, NULL, 100, 69, NULL, NULL, NULL, NULL),
(440, NULL, 100, 70, NULL, NULL, NULL, NULL),
(441, NULL, 100, 58, NULL, NULL, NULL, NULL),
(442, NULL, 100, 71, NULL, NULL, NULL, NULL),
(443, NULL, 100, 72, NULL, NULL, NULL, NULL),
(444, NULL, 100, 73, NULL, NULL, NULL, NULL),
(445, NULL, 100, 74, NULL, NULL, NULL, NULL),
(446, NULL, 100, 75, NULL, NULL, NULL, NULL),
(447, NULL, 100, 50, NULL, NULL, NULL, NULL),
(448, NULL, 100, 51, NULL, NULL, NULL, NULL),
(449, NULL, 100, 52, NULL, NULL, NULL, NULL),
(450, NULL, 100, 53, NULL, NULL, NULL, NULL),
(451, 101, NULL, 56, NULL, NULL, NULL, NULL),
(452, 101, NULL, 1, NULL, NULL, NULL, NULL),
(453, 101, NULL, 3, NULL, NULL, NULL, NULL),
(454, 101, NULL, 61, NULL, NULL, NULL, NULL),
(455, 101, NULL, 63, NULL, NULL, NULL, NULL),
(456, 101, NULL, 64, NULL, NULL, NULL, NULL),
(457, 101, NULL, 65, NULL, NULL, NULL, NULL),
(458, 101, NULL, 66, NULL, NULL, NULL, NULL),
(459, 101, NULL, 60, NULL, NULL, NULL, NULL),
(460, 101, NULL, 59, NULL, NULL, NULL, NULL),
(461, 101, NULL, 62, NULL, NULL, NULL, NULL),
(462, 101, NULL, 67, NULL, NULL, NULL, NULL),
(463, 101, NULL, 68, NULL, NULL, NULL, NULL),
(464, 101, NULL, 69, NULL, NULL, NULL, NULL),
(465, 101, NULL, 70, NULL, NULL, NULL, NULL),
(466, 101, NULL, 58, NULL, NULL, NULL, NULL),
(467, 101, NULL, 71, NULL, NULL, NULL, NULL),
(468, 101, NULL, 72, NULL, NULL, NULL, NULL),
(469, 101, NULL, 73, NULL, NULL, NULL, NULL),
(470, 101, NULL, 74, NULL, NULL, NULL, NULL),
(471, 101, NULL, 75, NULL, NULL, NULL, NULL),
(472, 101, NULL, 50, NULL, NULL, NULL, NULL),
(473, 101, NULL, 51, NULL, NULL, NULL, NULL),
(474, 101, NULL, 52, NULL, NULL, NULL, NULL),
(475, 101, NULL, 53, NULL, NULL, NULL, NULL),
(1475, 104, NULL, 51, 1, 1, 1, 1),
(1474, 104, NULL, 105, NULL, NULL, 1, NULL),
(1473, 104, NULL, 135, 1, 1, 1, 1),
(1472, 104, NULL, 133, NULL, NULL, NULL, NULL),
(1471, 104, NULL, 122, 1, 1, 1, 1),
(1470, 104, NULL, 121, 1, 1, 1, 1),
(1469, 104, NULL, 120, NULL, NULL, NULL, NULL),
(1468, 104, NULL, 87, 1, 1, 1, 1),
(1467, 104, NULL, 84, NULL, NULL, NULL, NULL),
(1466, 104, NULL, 136, 1, 1, 1, 1),
(1465, 104, NULL, 89, 1, 1, 1, 1),
(1464, 104, NULL, 82, NULL, NULL, NULL, NULL),
(2011, NULL, 1, 53, 1, 1, 1, 1),
(2010, NULL, 1, 52, 1, 1, 1, 1),
(2009, NULL, 1, 51, 1, 1, 1, 1),
(2097, NULL, 101, 52, 1, 1, 1, 1),
(2096, NULL, 101, 50, NULL, NULL, NULL, NULL),
(2095, NULL, 101, 90, 1, NULL, 1, 1),
(2094, NULL, 101, 114, 1, 1, 1, 1),
(2093, NULL, 101, 113, 1, 1, 1, 1),
(2092, NULL, 101, 112, NULL, NULL, NULL, NULL),
(2091, NULL, 101, 155, 1, 1, 1, 1),
(2090, NULL, 101, 154, 1, 1, 1, 1),
(2089, NULL, 101, 153, NULL, NULL, NULL, NULL),
(2088, NULL, 101, 152, 1, 1, 1, 1),
(2087, NULL, 101, 151, 1, 1, 1, 1),
(2086, NULL, 101, 150, NULL, NULL, NULL, NULL),
(2085, NULL, 101, 135, 1, 1, 1, 1),
(2084, NULL, 101, 134, 1, 1, 1, 1),
(2083, NULL, 101, 133, NULL, NULL, NULL, NULL),
(2082, NULL, 101, 106, 1, 1, 1, 1),
(2081, NULL, 101, 107, 1, 1, 1, 1),
(2080, NULL, 101, 108, NULL, NULL, NULL, NULL),
(2079, NULL, 101, 136, 1, 1, 1, 1),
(2078, NULL, 101, 89, 1, 1, 1, 1),
(2077, NULL, 101, 82, NULL, NULL, NULL, NULL),
(2008, NULL, 1, 50, NULL, NULL, NULL, NULL),
(2007, NULL, 1, 137, NULL, NULL, 1, NULL),
(2006, NULL, 1, 105, NULL, NULL, 1, NULL),
(2005, NULL, 1, 116, NULL, NULL, NULL, NULL),
(2004, NULL, 1, 90, 1, NULL, 1, 1),
(2003, NULL, 1, 114, 1, 1, 1, 1),
(2002, NULL, 1, 113, 1, 1, 1, 1),
(2001, NULL, 1, 112, NULL, NULL, NULL, NULL),
(2000, NULL, 1, 155, 1, 1, 1, 1),
(1999, NULL, 1, 154, 1, 1, 1, 1),
(1998, NULL, 1, 153, NULL, NULL, NULL, NULL),
(1997, NULL, 1, 152, 1, 1, 1, 1),
(1996, NULL, 1, 151, 1, 1, 1, 1),
(1995, NULL, 1, 150, NULL, NULL, NULL, NULL),
(1994, NULL, 1, 135, 1, 1, 1, 1),
(1993, NULL, 1, 134, 1, 1, 1, 1),
(1992, NULL, 1, 133, NULL, NULL, NULL, NULL),
(1991, NULL, 1, 106, 1, 1, 1, 1),
(1990, NULL, 1, 107, 1, 1, 1, 1),
(1989, NULL, 1, 108, NULL, NULL, NULL, NULL),
(1988, NULL, 1, 136, 1, 1, 1, 1),
(1987, NULL, 1, 89, 1, 1, 1, 1),
(1986, NULL, 1, 82, NULL, NULL, NULL, NULL);

-- --------------------------------------------------------

--
-- 資料表結構 `_sys_section`
--

CREATE TABLE `_sys_section` (
  `id` int NOT NULL,
  `name` varchar(255) NOT NULL,
  `table_name` varchar(100) DEFAULT NULL,
  `field_name` varchar(100) DEFAULT NULL,
  `field_value` varchar(100) DEFAULT NULL,
  `parent_id` int NOT NULL DEFAULT '0',
  `link` varchar(255) DEFAULT NULL,
  `sort` int NOT NULL,
  `hide_sub` tinyint NOT NULL DEFAULT '0',
  `Slist` int NOT NULL DEFAULT '1',
  `Sadd` int NOT NULL DEFAULT '1',
  `Sedit` int NOT NULL DEFAULT '1',
  `Sdelete` int NOT NULL DEFAULT '1',
  `control` tinyint(1) NOT NULL DEFAULT '1'
) ENGINE=MyISAM DEFAULT CHARSET=utf8mb3 COMMENT='後台權限資料';

--
-- 傾印資料表的資料 `_sys_section`
--

INSERT INTO `_sys_section` (`id`, `name`, `table_name`, `field_name`, `field_value`, `parent_id`, `link`, `sort`, `hide_sub`, `Slist`, `Sadd`, `Sedit`, `Sdelete`, `control`) VALUES
(122, '檔案資料', '_web_file_download', NULL, NULL, 120, 'index.php?type=web&do=list&cn=file_download', 40, 0, 1, 1, 1, 1, 1),
(121, '檔案分類', '_web_file_download_group', NULL, NULL, 120, 'index.php?type=web&do=list&cn=file_download_group', 40, 0, 1, 1, 1, 1, 1),
(50, '系統管理', NULL, NULL, NULL, 0, '', 999, 1, 0, 0, 0, 0, 1),
(51, '群组管理', '_sys_group', NULL, NULL, 50, 'index.php?type=system&do=group', 1, 0, 1, 1, 1, 1, 1),
(52, '帳號管理', '_sys_admin', NULL, NULL, 50, 'index.php?type=system&do=user', 2, 0, 1, 1, 1, 1, 1),
(53, '權限管理', '_sys_group_perm', NULL, NULL, 50, 'index.php?type=system&do=group_permission', 3, 0, 1, 1, 1, 1, 1),
(120, '檔案管理', NULL, NULL, NULL, 999, NULL, 1, 1, 0, 0, 0, 0, 1),
(82, '首頁管理', NULL, NULL, NULL, 0, NULL, 1, 1, 0, 0, 0, 0, 1),
(89, '幻燈片', '_web_banner', NULL, NULL, 82, 'index.php?type=web&do=list&cn=banner', 1, 0, 1, 1, 1, 1, 1),
(137, '網站設定', '_web_set', NULL, NULL, 116, 'index.php?type=web&do=info&cn=set&id=1', 998, 0, 0, 0, 1, 0, 1),
(116, '網站設置', '', NULL, NULL, 0, '', 998, 1, 0, 0, 0, 0, 1),
(90, '聯絡我們', '_web_contact', NULL, NULL, 0, 'index.php?type=web&do=list&cn=contact', 40, 0, 1, 0, 1, 1, 1),
(114, '常見問題', '_web_faq', NULL, NULL, 112, 'index.php?type=web&do=list&cn=faq', 40, 0, 1, 1, 1, 1, 1),
(113, '問題分類', '_web_faq_group', NULL, NULL, 112, 'index.php?type=web&do=list&cn=faq_group', 40, 0, 1, 1, 1, 1, 1),
(107, '最新消息分類', '_web_news_group', NULL, NULL, 108, 'index.php?type=web&do=list&cn=news_group', 40, 0, 1, 1, 1, 1, 1),
(106, '最新消息', '_web_news', NULL, NULL, 108, 'index.php?type=web&do=list&cn=news', 41, 0, 1, 1, 1, 1, 1),
(105, '網站GA/FB設定', '_web_seo_set', NULL, NULL, 116, 'index.php?type=web&do=info&cn=seo_set&id=1', 998, 0, 0, 0, 1, 0, 1),
(136, '合作公司', '_web_company', NULL, NULL, 82, 'index.php?type=web&do=list&cn=company', 40, 0, 1, 1, 1, 1, 1),
(124, '運費設定', '_web_shipping', NULL, NULL, 123, 'index.php?type=web&do=list&cn=shipping', 40, 0, 1, 0, 1, 1, 1),
(125, '紅利點數', '_web_red_point', NULL, NULL, 999, 'index.php?type=web&do=info&cn=red_point&id=1', 40, 0, 1, 0, 1, 1, 1),
(126, '優惠卷管理', '_web_sale_ticket', NULL, NULL, 123, 'index.php?type=web&do=list&cn=sale_ticket', 40, 0, 1, 1, 1, 1, 1),
(134, '文章分類', '_web_blog_group', NULL, NULL, 133, 'index.php?type=web&do=list&cn=blog_group', 40, 0, 1, 1, 1, 1, 1),
(129, '會員資料', '_web_member', NULL, NULL, 128, 'index.php?type=web&do=list&cn=member', 40, 0, 1, 1, 1, 1, 1),
(130, '會員等級', '_web_member_level', NULL, NULL, 999, 'index.php?type=web&do=list&cn=member_level', 40, 0, 1, 1, 1, 1, 1),
(131, '訂單管理', '_web_order', NULL, NULL, 123, 'index.php?type=web&do=list&cn=order', 40, 0, 1, 1, 1, 1, 1),
(135, '文章', '_web_blog', NULL, NULL, 133, 'index.php?type=web&do=list&cn=blog', 41, 0, 1, 1, 1, 1, 1),
(108, '最新消息管理', NULL, NULL, NULL, 0, NULL, 1, 1, 0, 0, 0, 0, 1),
(112, '常見問題管理', '', NULL, NULL, 0, '', 10, 1, 0, 0, 0, 0, 1),
(128, '會員管理', '', NULL, NULL, 999, '', 10, 1, 0, 0, 0, 0, 1),
(146, '菜單管理', NULL, NULL, NULL, 999, NULL, 1, 1, 0, 0, 0, 0, 1),
(147, '菜單分類', '_web_food_group', NULL, NULL, 146, 'index.php?type=web&do=list&cn=food_group', 40, 0, 1, 1, 1, 1, 1),
(148, '菜單次分類', '_web_food_group2', NULL, NULL, 146, 'index.php?type=web&do=list&cn=food_group2', 40, 0, 1, 1, 1, 1, 1),
(149, '菜單', '_web_food', NULL, NULL, 146, 'index.php?type=web&do=list&cn=food', 40, 0, 1, 1, 1, 1, 1),
(150, '相簿管理', NULL, NULL, NULL, 0, NULL, 1, 1, 0, 0, 0, 0, 1),
(151, '相簿分類', '_web_album_group', NULL, NULL, 150, 'index.php?type=web&do=list&cn=album_group', 40, 0, 1, 1, 1, 1, 1),
(152, '相簿', '_web_album', NULL, NULL, 150, 'index.php?type=web&do=list&cn=album', 40, 0, 1, 1, 1, 1, 1),
(133, '文章管理', NULL, NULL, NULL, 0, NULL, 1, 1, 0, 0, 0, 0, 1),
(153, '屋頂出租管理', NULL, NULL, NULL, 0, NULL, 1, 1, 0, 0, 0, 0, 1),
(154, '縣市管理', '_web_city', NULL, NULL, 153, 'index.php?type=web&do=list&cn=city', 153, 0, 1, 1, 1, 1, 1),
(155, '計費管理', '_web_charge', NULL, NULL, 153, 'index.php?type=web&do=list&cn=charge', 153, 0, 1, 1, 1, 1, 1);

-- --------------------------------------------------------

--
-- 資料表結構 `_web_about`
--

CREATE TABLE `_web_about` (
  `id` int NOT NULL,
  `title` varchar(255) DEFAULT NULL COMMENT '標題',
  `content` text COMMENT '內容',
  `index_content` text,
  `top_content` text,
  `down_content` text,
  `pic` varchar(255) DEFAULT NULL,
  `newsdt` timestamp NULL DEFAULT CURRENT_TIMESTAMP COMMENT '建立時間',
  `descno` int DEFAULT '100' COMMENT '排序',
  `is_show` tinyint(1) NOT NULL DEFAULT '1' COMMENT '是否啟用'
) ENGINE=MyISAM DEFAULT CHARSET=utf8mb3;

-- --------------------------------------------------------

--
-- 資料表結構 `_web_ad`
--

CREATE TABLE `_web_ad` (
  `id` int NOT NULL,
  `name` varchar(64) NOT NULL,
  `adminname` varchar(64) NOT NULL,
  `is_show` int NOT NULL DEFAULT '1'
) ENGINE=InnoDB DEFAULT CHARSET=utf8mb3;

-- --------------------------------------------------------

--
-- 資料表結構 `_web_album`
--

CREATE TABLE `_web_album` (
  `id` int NOT NULL,
  `category_id` int DEFAULT NULL COMMENT '分類ID',
  `title` varchar(255) DEFAULT NULL COMMENT '標題',
  `description` longtext CHARACTER SET utf8mb3 COLLATE utf8mb3_general_ci COMMENT '簡介',
  `content` longtext CHARACTER SET utf8mb3 COLLATE utf8mb3_general_ci COMMENT '內容',
  `pic` varchar(255) DEFAULT NULL COMMENT '列表圖片',
  `img_text` varchar(255) DEFAULT NULL,
  `pic2` varchar(255) DEFAULT NULL COMMENT '首頁圖片',
  `newsdt` date NOT NULL COMMENT '上架日期',
  `sort` int NOT NULL DEFAULT '100' COMMENT '排序',
  `is_show` tinyint NOT NULL COMMENT '是否啟用',
  `is_top` tinyint(1) NOT NULL DEFAULT '0' COMMENT '設定至首頁'
) ENGINE=MyISAM DEFAULT CHARSET=utf8mb3;

--
-- 傾印資料表的資料 `_web_album`
--

INSERT INTO `_web_album` (`id`, `category_id`, `title`, `description`, `content`, `pic`, `img_text`, `pic2`, `newsdt`, `sort`, `is_show`, `is_top`) VALUES
(1, 1, '台西雞舍太陽光電案場', NULL, '<p>【案場位置】雲林縣台西鄉<br />\r\n【案場類型】畜舍屋頂型太陽能系統<br />\r\n【案場規模】225.72kWp<br />\r\n【模組廠牌】聯合再生能源<br />\r\n【變流器廠牌】盈正豫順<br />\r\n【完工日期】民國111年12月6日</p>\r\n', 'upload/picfile/2023/07/20230725145944899.jpg', '33', NULL, '2022-12-26', 1, 1, 1),
(2, 1, '虎尾雞舍太陽光電案場', NULL, '<p>【案場位置】雲林縣虎尾鎮<br />\r\n【案場類型】畜舍屋頂型太陽能系統<br />\r\n【案場規模】165.6kWp<br />\r\n【模組廠牌】茂迪<br />\r\n【變流器廠牌】盈正豫順<br />\r\n【完工日期】民國111年8月23日</p>\r\n', 'upload/picfile/2023/07/20230725172924573.jpg', '高雄軟體園區相簿名稱', NULL, '2022-08-23', 1, 1, 1),
(3, 1, '水林雞舍太陽光電案場', NULL, '<p>【案場位置】雲林縣水林鄉<br />\r\n【案場類型】畜舍屋頂型太陽能系統<br />\r\n【案場規模】463.68kWp<br />\r\n【模組廠牌】茂迪<br />\r\n【變流器廠牌】華為<br />\r\n【完工日期】民國111年12月30日</p>\r\n', 'upload/picfile/2023/07/20230727145453237.jpg', '花蓮工業區太陽能安裝', NULL, '2022-12-30', 1, 1, 1),
(4, 2, '鹿谷菇寮太陽光電案場', NULL, '<p>【案場位置】南投縣鹿谷鄉<br />\r\n【案場類型】菇寮屋頂型太陽能系統<br />\r\n【案場規模】471.27kWp<br />\r\n【模組廠牌】茂迪<br />\r\n【變流器廠牌】盈正豫順<br />\r\n【完工日期】民國110年12月17日</p>\r\n', 'upload/picfile/2023/07/20230725151403121.jpg', '測試陣列', NULL, '2021-12-17', 2, 1, 1),
(5, 1, '口湖鰻蝦生產合作社太陽光電案場', NULL, '<p>【案場位置】雲林縣口湖鄉<br />\r\n【案場類型】合作社鋼構型太陽能系統<br />\r\n【案場規模】83.49kWp<br />\r\n【模組廠牌】茂迪<br />\r\n【變流器廠牌】盈正豫順<br />\r\n【完工日期】民國112年6月30日</p>\r\n', 'upload/picfile/2023/07/20230727152250830.jpg', '測試陣列', NULL, '2023-06-30', 1, 1, 1),
(6, 1, '元長鵝舍太陽光電案場', NULL, '<p><br />\r\n【案場位置】雲林縣元長鄉<br />\r\n【案場類型】畜舍屋頂型太陽能系統<br />\r\n【案場規模】354.75kWp<br />\r\n【模組廠牌】茂迪<br />\r\n【變流器廠牌】盈正豫順<br />\r\n【完工日期】民國112年6月28日</p>\r\n', 'upload/picfile/2023/07/20230728105235754.jpg', '測試陣列3', NULL, '2023-06-28', 1, 1, 1),
(7, 1, '虎尾住家太陽光電案場', NULL, '<p>【案場位置】雲林縣虎尾鎮<br />\r\n【案場類型】住家屋頂鋼構型太陽能系統<br />\r\n【案場規模】19.72kWp<br />\r\n【模組廠牌】元晶<br />\r\n【變流器廠牌】盈正豫順<br />\r\n【完工日期】民國111年6月23日</p>\r\n', 'upload/picfile/2023/07/20230728113331193.jpg', '測試陣列4', NULL, '2022-06-23', 1, 1, 0),
(8, 1, '元長農舍太陽光電案場', NULL, '<p>【案場位置】雲林縣元長鄉<br />\r\n【案場類型】農舍屋頂型太陽能系統<br />\r\n【案場規模】63.36kWp<br />\r\n【模組廠牌】聯合再生<br />\r\n【變流器廠牌】盈正豫順<br />\r\n【完工日期】民國112年3月30日</p>\r\n', 'upload/picfile/2023/07/20230728133951344.jpg', '測試陣列4', NULL, '2023-03-30', 1, 1, 0),
(9, 1, '虎尾住家太陽光電案場', NULL, '<p>【案場位置】雲林縣虎尾鎮<br />\r\n【案場類型】住家屋頂鋼構型太陽能系統<br />\r\n【案場規模】19.82kWp<br />\r\n【模組廠牌】元晶<br />\r\n【變流器廠牌】盈正豫順<br />\r\n【完工日期】民國110年10月12日</p>\r\n', 'upload/picfile/2023/07/20230728140435011.jpg', '測試陣列6', NULL, '2021-10-12', 1, 1, 1),
(10, 1, '斗六地面型太陽光電案場', NULL, '<p>【案場位置】雲林縣斗六市<br />\r\n【案場類型】地面型太陽能系統<br />\r\n【案場規模】213.49kWp<br />\r\n【模組廠牌】茂迪<br />\r\n【變流器廠牌】華為<br />\r\n【完工日期】民國111年11月25日</p>\r\n', 'upload/picfile/2023/07/20230728142401045.jpg', '測試陣列7', NULL, '2022-11-25', 1, 1, 1),
(11, 2, '竹山菇寮太陽光電案場', NULL, '<p>【案場位置】南投縣竹山鎮<br />\r\n【案場類型】菇寮屋頂型太陽能系統<br />\r\n【案場規模】167.61kWp<br />\r\n【模組廠牌】元晶<br />\r\n【變流器廠牌】盈正豫順<br />\r\n【完工日期】民國111年11月9日</p>\r\n', 'upload/picfile/2023/08/20230809172421227.jpg', '測試陣列8', NULL, '2022-11-09', 2, 1, 0),
(12, 2, '草屯住家太陽光電案場', NULL, '<p>【案場位置】南投縣草屯鎮<br />\r\n【案場類型】住家屋頂鋼構型太陽能系統<br />\r\n【案場規模】19.72kWp<br />\r\n【模組廠牌】聯合<br />\r\n【變流器廠牌】盈正豫順<br />\r\n【完工日期】民國112年2月15日</p>\r\n', 'upload/picfile/2023/07/20230731140151720.jpg', '測試陣列9', NULL, '2023-02-15', 2, 1, 0),
(13, 3, '民雄鵝舍太陽光電案場', NULL, '<p>【案場位置】嘉義縣民雄鄉<br />\r\n【案場類型】畜舍屋頂型太陽能系統<br />\r\n【案場規模】277.2kWp<br />\r\n【模組廠牌】元晶<br />\r\n【變流器廠牌】盈正豫順<br />\r\n【完工日期】民國110年4月28日</p>\r\n', 'upload/picfile/2023/07/20230731142536751.jpg', '測試陣列10', NULL, '2021-04-28', 3, 1, 0),
(15, 3, '溪口鵝舍太陽光電案場', NULL, '<p>【案場位置】嘉義縣溪口鄉<br />\r\n【案場類型】畜舍屋頂型太陽能系統<br />\r\n【案場規模】184.14kWp<br />\r\n【模組廠牌】元晶<br />\r\n【變流器廠牌】盈正豫順<br />\r\n【完工日期】民國110年6月3日</p>\r\n', 'upload/picfile/2023/07/20230731144041787.jpg', '溪口鵝舍太陽光電案場', NULL, '2021-06-03', 3, 1, 0),
(16, 1, '虎尾住家太陽光電案場', NULL, '<p>【案場位置】雲林縣二崙鄉<br />\r\n【案場類型】住家屋頂鋼構型太陽能系統<br />\r\n【案場規模】9.86kWp<br />\r\n【模組廠牌】聯合再生<br />\r\n【變流器廠牌】盈正豫順<br />\r\n【完工日期】民國112年06月21日</p>\r\n', 'upload/picfile/2023/08/20230810155645676.jpg', '虎尾住家太陽光電案場', NULL, '0112-06-21', 1, 1, 0),
(19, 1, '虎尾住家太陽光電案場', NULL, '<p>【案場位置】雲林縣虎尾鎮<br />\r\n【案場類型】住家屋頂鋼構型太陽能系統<br />\r\n【案場規模】19.98kWp<br />\r\n【模組廠牌】茂迪<br />\r\n【變流器廠牌】盈正豫順<br />\r\n【完工日期】民國112年2月14日</p>\r\n', 'upload/picfile/2023/08/20230810164914706.jpg', '虎尾住家太陽光電案場', NULL, '0112-02-14', 1, 1, 0),
(20, 1, '虎尾蛋雞舍太陽光電案場', NULL, '<p>【案場位置】雲林縣虎尾鎮<br />\r\n【案場類型】畜舍屋頂型太陽能系統<br />\r\n【案場規模】97.92kWp<br />\r\n【模組廠牌】聯合再生<br />\r\n【變流器廠牌】台達<br />\r\n【完工日期】民國111年11月04日</p>\r\n', 'upload/picfile/2023/08/20230810165617646.png', '虎尾蛋雞舍太陽光電案場', NULL, '0111-11-04', 1, 1, 0),
(23, 1, '四湖鴨鵝舍太陽光電案場', NULL, '<p>【案場位置】雲林縣四湖鄉<br />\r\n【案場類型】畜舍屋頂型太陽能系統<br />\r\n【案場規模】337.96kWp<br />\r\n【模組廠牌】茂迪<br />\r\n【變流器廠牌】CyberPower<br />\r\n【完工日期】民國111年06月02日</p>\r\n', 'upload/picfile/2023/08/20230810171723386.jpg', '四湖鴨鵝舍太陽光電案場', NULL, '0111-06-02', 1, 1, 0),
(24, 1, '東勢雞舍太陽光電案場', NULL, '<p>【案場位置】雲林縣東勢鄉<br />\r\n【案場類型】畜舍屋頂型太陽能系統<br />\r\n【案場規模】157.5kWp<br />\r\n【模組廠牌】茂迪<br />\r\n【變流器廠牌】CyberPower<br />\r\n【完工日期】民國111年12月30日</p>\r\n', 'upload/picfile/2023/08/20230810173115839.jpg', '東勢雞舍太陽光電案場', NULL, '0111-12-30', 1, 1, 0),
(25, 3, '崙尾合作社太陽光電案場', NULL, '<p>【案場位置】嘉義縣溪口鄉<br />\r\n【案場類型】合作社屋頂型太陽能系統<br />\r\n【案場規模】72.45kWp<br />\r\n【模組廠牌】茂迪<br />\r\n【變流器廠牌】盈正豫順<br />\r\n【完工日期】民國111年06月06日</p>\r\n', 'upload/picfile/2023/08/20230811095159598.jpg', '崙尾合作社太陽光電案場', NULL, '0111-06-06', 3, 1, 0),
(21, 1, '口湖鵝舍太陽光電案場', NULL, '<p>【案場位置】雲林縣口湖鄉<br />\r\n【案場類型】畜舍屋頂型太陽能系統<br />\r\n【案場規模】359.04kWp<br />\r\n【模組廠牌】茂迪<br />\r\n【變流器廠牌】CyberPower<br />\r\n【完工日期】民國112年02月08日</p>\r\n', 'upload/picfile/2023/08/20230810170650447.jpg', '口湖鵝舍太陽光電案場', NULL, '0112-02-08', 1, 1, 0),
(22, 1, '口湖鴨舍太陽光電案場', NULL, '<p>【案場位置】雲林縣口湖鄉<br />\r\n【案場類型】畜舍屋頂型太陽能系統<br />\r\n【案場規模】499.8kWp<br />\r\n【模組廠牌】茂迪<br />\r\n【變流器廠牌】CyberPower<br />\r\n【完工日期】民國111年04月21日</p>\r\n', 'upload/picfile/2023/08/20230810171308155.jpg', '口湖鴨舍太陽光電案場', NULL, '0111-04-21', 1, 1, 0),
(14, 2, ' 鹿谷菇寮太陽光電案場', NULL, '<p><br />\r\n【案場位置】南投縣鹿谷鄉<br />\r\n【案場類型】菇寮屋頂型太陽能系統<br />\r\n【案場規模】396.75kWp<br />\r\n【模組廠牌】茂迪<br />\r\n【變流器廠牌】盈正豫順<br />\r\n【完工日期】民國112年6月13日</p>\r\n', 'upload/picfile/2023/07/20230731132927095.jpg', ' 鹿谷菇寮太陽光電案場', NULL, '2023-06-13', 2, 1, 1),
(17, 1, '虎尾王家鴨肉麵線太陽光電案場', NULL, '<p>【案場位置】雲林縣虎尾鎮王家鴨肉麵線<br />\r\n【案場類型】住家屋頂鋼構型太陽能系統<br />\r\n【案場規模】17.82kWp<br />\r\n【模組廠牌】元晶<br />\r\n【變流器廠牌】盈正豫順<br />\r\n【完工日期】民國110年10月20日</p>\r\n', 'upload/picfile/2023/08/20230810161523079.jpg', '虎尾王家鴨肉麵線太陽光電案場', NULL, '0110-10-20', 1, 1, 0),
(18, 1, '虎尾住家太陽光電案場', NULL, '<p>【案場位置】雲林縣虎尾鎮<br />\r\n【案場類型】住家屋頂鋼構型太陽能系統<br />\r\n【案場規模】19.875kWp<br />\r\n【模組廠牌】茂迪<br />\r\n【變流器廠牌】盈正豫順<br />\r\n【完工日期】民國112年03月22日</p>\r\n', 'upload/picfile/2023/08/20230810163417312.jpg', '虎尾住家太陽光電案場', NULL, '0112-03-22', 1, 1, 0),
(26, 5, '阿蓮區住家太陽光電案場', NULL, '<p>【案場位置】高雄市阿蓮區<br />\r\n【案場類型】住家屋頂鋼構型太陽能系統<br />\r\n【案場規模】15.51kWp<br />\r\n【模組廠牌】元晶<br />\r\n【變流器廠牌】盈正豫順<br />\r\n【完工日期】民國110年10月19日</p>\r\n', 'upload/picfile/2023/08/20230811101345006.png', '阿蓮區住家太陽光電案場', NULL, '0110-10-19', 4, 1, 0),
(27, 1, '水林雞舍太陽光電案場', NULL, '<p>【案場位置】雲林縣水林鄉<br />\r\n【案場類型】畜舍屋頂型太陽能系統<br />\r\n【案場規模】379.5kWp<br />\r\n【模組廠牌】茂迪<br />\r\n【變流器廠牌】華為<br />\r\n【完工日期】民國111年12月23日</p>\r\n', 'upload/picfile/2023/08/20230811102713190.jpg', '水林雞舍太陽光電案場', NULL, '0111-12-23', 1, 1, 0),
(28, 1, '水林羊舍太陽光電案場', NULL, '<p>【案場位置】雲林縣水林鄉<br />\r\n【案場類型】畜舍屋頂型太陽能系統<br />\r\n【案場規模】121.44kWp<br />\r\n【模組廠牌】元晶<br />\r\n【變流器廠牌】盈正豫順<br />\r\n【完工日期】民國110年12月27日</p>\r\n', 'upload/picfile/2023/08/20230811104903332.png', '水林羊舍太陽光電案場', NULL, '0110-12-27', 1, 1, 0),
(29, 1, '水林雞舍太陽光電案場', NULL, '<p>【案場位置】雲林縣水林鄉<br />\r\n【案場類型】畜舍屋頂型太陽能系統<br />\r\n【案場規模】336.6kWp<br />\r\n【模組廠牌】茂迪<br />\r\n【變流器廠牌】華為<br />\r\n【完工日期】民國112年03月16日</p>\r\n', 'upload/picfile/2023/08/20230811105954608.jpg', '水林雞舍太陽光電案場', NULL, '0112-03-16', 1, 1, 0),
(30, 6, '彰化住家太陽光電案場', NULL, '<p>【案場位置】彰化縣埔鹽鄉<br />\r\n【案場類型】住家屋頂鋼構型太陽能系統<br />\r\n【案場規模】19.32kWp<br />\r\n【模組廠牌】茂迪<br />\r\n【變流器廠牌】新望<br />\r\n【完工日期】民國111年6月27日</p>\r\n', 'upload/picfile/2023/08/20230811111216001.jpg', '彰化住家太陽光電案場', NULL, '0111-06-27', 5, 1, 0);

-- --------------------------------------------------------

--
-- 資料表結構 `_web_album_group`
--

CREATE TABLE `_web_album_group` (
  `id` int NOT NULL,
  `title` varchar(255) CHARACTER SET utf8mb3 COLLATE utf8mb3_general_ci NOT NULL,
  `pic` varchar(255) CHARACTER SET utf8mb3 COLLATE utf8mb3_general_ci DEFAULT NULL,
  `sort` int DEFAULT '100',
  `is_show` int DEFAULT '1'
) ENGINE=MyISAM DEFAULT CHARSET=utf8mb3;

--
-- 傾印資料表的資料 `_web_album_group`
--

INSERT INTO `_web_album_group` (`id`, `title`, `pic`, `sort`, `is_show`) VALUES
(1, '雲林地區', NULL, 1, 1),
(2, '南投地區', NULL, 2, 1),
(3, '嘉義地區', NULL, 3, 1),
(6, '彰化地區', NULL, 5, 1),
(5, '高雄地區', NULL, 4, 1);

-- --------------------------------------------------------

--
-- 資料表結構 `_web_album_pic`
--

CREATE TABLE `_web_album_pic` (
  `id` int NOT NULL,
  `album_id` int DEFAULT NULL,
  `pic` varchar(255) CHARACTER SET utf8mb3 COLLATE utf8mb3_general_ci DEFAULT NULL,
  `sort` int DEFAULT '100',
  `is_show` int DEFAULT '1'
) ENGINE=MyISAM DEFAULT CHARSET=utf8mb3;

--
-- 傾印資料表的資料 `_web_album_pic`
--

INSERT INTO `_web_album_pic` (`id`, `album_id`, `pic`, `sort`, `is_show`) VALUES
(30, 1, 'upload/picfile_list/efbadc216607707e16638fdb90a1223d20230727094304744.jpg', 1, 1),
(12, 1, 'upload/picfile_list/8f8bef84b8ee8cdd4ad08ae4e774c8af20230725150621512.jpg', 4, 1),
(154, 19, 'upload/picfile_list/972394ed3b82ebe672b55d58952f745920230810165119806.jpg', 100, 1),
(75, 1, 'upload/picfile_list/bb02f2dbd32e2881dd90b1c978dd50a620230728111518102.jpg', 3, 1),
(22, 2, 'upload/picfile_list/3f39db8597e424fdedbc1571529cac4d20230726093203448.jpg', 1, 1),
(24, 2, 'upload/picfile_list/d79abdf5eef6a39ef4ed125517b2acf420230726093741145.jpg', 3, 1),
(25, 2, 'upload/picfile_list/579a208800948981ba1c01f447a834d420230726094040855.jpg', 4, 1),
(42, 2, 'upload/picfile_list/2e2422f0f5d442d9935de7525c80995620230727101151492.jpg', 6, 1),
(35, 2, 'upload/picfile_list/6a702bfafc436bea77f071222f565ad520230727095816357.jpg', 2, 1),
(39, 2, 'upload/picfile_list/fa7d88c3aed9ecd72631e60745ec512020230727100537467.jpg', 5, 1),
(50, 2, 'upload/picfile_list/02b1d4f6c57f0b4797842bed0d4b17a520230727113859607.jpg', 7, 1),
(48, 2, 'upload/picfile_list/7c3dc59c5696827d3ce92b7444be610b20230727104427392.jpg', 8, 1),
(152, 19, 'upload/picfile_list/fc29af296c8eb7f5a7971ca61eed918120230810165119347.jpg', 100, 1),
(52, 3, 'upload/picfile_list/9d4e9fe9f1d0b9a3129eeb3c5a2c4a7220230727150034930.jpg', 3, 1),
(151, 19, 'upload/picfile_list/a75584c15a2dd0e57d7d46cb7ba0fc3720230810165119340.jpg', 100, 1),
(55, 3, 'upload/picfile_list/0ac65376110e0071ecdf52ace7d5c3cf20230727151148662.jpg', 4, 1),
(56, 5, 'upload/picfile_list/4bf9977fad5d7f591650ef58c220b42420230727152708681.jpg', 1, 1),
(60, 5, 'upload/picfile_list/4d6c9274936053b49252dc8dcc38a76e20230727153022136.jpg', 4, 1),
(58, 5, 'upload/picfile_list/f902faa7d3cee3f2188d32f77c2c9f6820230727152829518.jpg', 2, 1),
(59, 5, 'upload/picfile_list/65e64ffe796ac3340c8a0c26a890e29320230727152829518.jpg', 3, 1),
(61, 5, 'upload/picfile_list/8dabfedae9809615272c8a1af875432a20230727153057593.jpg', 6, 1),
(62, 5, 'upload/picfile_list/f00b2a47a3883ca99a13c4a9054a26e320230727153213433.jpg', 5, 1),
(74, 6, 'upload/picfile_list/58513bdf6ffa99a77925b423fd14184420230728110416202.jpg', 100, 1),
(123, 6, 'upload/picfile_list/65a0b9803b2879e36f4f128f01f03ff420230809171605898.jpg', 100, 1),
(125, 6, 'upload/picfile_list/e7c9eef0d51c8f739a3fcceda890416520230809171725270.jpg', 100, 1),
(81, 7, 'upload/picfile_list/2216e26b8183292dd20e30c81c3316d820230728120031613.jpg', 2, 1),
(148, 18, 'upload/picfile_list/b4d996fac62dc6ed672a67b501cfb76c20230810163436493.jpg', 100, 1),
(90, 8, 'upload/picfile_list/134001f2b83018f681d7c97dcf36bf9420230728135256660.jpg', 3, 1),
(85, 7, 'upload/picfile_list/a921214e79118ad2629b02967808ac3720230728132759135.jpg', 4, 1),
(86, 7, 'upload/picfile_list/d918865e6e200ea458af77e22af874c920230728133047048.jpg', 3, 1),
(153, 19, 'upload/picfile_list/464b78ead2cd6ffa789572fcef8275f920230810165119572.jpg', 100, 1),
(91, 8, 'upload/picfile_list/bca7c3df03d7a02afd43ef8b51ccb78f20230728135256661.jpg', 4, 1),
(92, 9, 'upload/picfile_list/faa6e917960f5df762aa25f8b5558d1b20230728141445304.jpg', 2, 1),
(149, 18, 'upload/picfile_list/f0d47c7d28c6e5d2c9ec463060c9295620230810163436605.jpg', 100, 1),
(150, 18, 'upload/picfile_list/fcefeb05ddb83690acb4c52d9bb463f920230810163436865.jpg', 100, 1),
(95, 10, 'upload/picfile_list/b466358c213637dd0f1c19a250e83cd120230728142910205.jpg', 2, 1),
(96, 10, 'upload/picfile_list/8777ee380ad7f42a921b88e87cd8ee0720230728143022051.jpg', 5, 1),
(97, 10, 'upload/picfile_list/52323887a05f42a69cce6f7016c121b020230728143217829.jpg', 3, 1),
(98, 10, 'upload/picfile_list/0c6e104afbda1254d38aad0d13879e0c20230728143434430.jpg', 4, 1),
(99, 10, 'upload/picfile_list/86d868c3727a8afade9520b3c429fe3120230728143631598.jpg', 6, 1),
(147, 18, 'upload/picfile_list/f3ceb90227a8dd25d1688af6d2919ff420230810163436492.jpg', 100, 1),
(146, 17, 'upload/picfile_list/da9c11050a66c9ce955e827b04d9819a20230810163106632.jpg', 100, 1),
(102, 4, 'upload/picfile_list/6424bebadd11fd323802de89a937e2d720230728145116264.jpg', 3, 1),
(143, 16, 'upload/picfile_list/c81d31344cbb7013d1ffae2d0a5ab2f420230810160620387.jpg', 100, 1),
(142, 16, 'upload/picfile_list/51fb2f8bae27dade071ca5f556885f8920230810160620386.jpg', 100, 1),
(105, 14, 'upload/picfile_list/63edac2d2e5fe2d46d0dbd8c8a2e46c420230731133506455.jpg', 3, 1),
(106, 14, 'upload/picfile_list/8bcdfdc2bc1ebd67fb60669840cda31a20230731134236976.jpg', 4, 1),
(129, 11, 'upload/picfile_list/f1dd031a737378a3eb389f1e5c04448820230809172319616.jpg', 100, 1),
(126, 11, 'upload/picfile_list/4426dd266589dfffac997a19fb3dc4e020230809172219043.jpg', 100, 1),
(128, 11, 'upload/picfile_list/3e1ec900c94d15cd47850b41ac9b1daa20230809172319236.jpg', 100, 1),
(127, 11, 'upload/picfile_list/8ce3e1d143bf17497c7e05c15704b5ff20230809172319104.jpg', 100, 1),
(145, 17, 'upload/picfile_list/bda9963570cdc410c0ae2629e2e8c54320230810163106171.jpg', 100, 1),
(144, 16, 'upload/picfile_list/2bb2ba70cec83e905931552b35cccb2820230810160620388.jpg', 100, 1),
(130, 12, 'upload/picfile_list/14ff6c443f40e8db62c42be97fb6c49420230809172719814.jpg', 100, 1),
(114, 12, 'upload/picfile_list/283b147514c9bd5287b92b844979ad9920230731140943795.jpg', 4, 1),
(115, 12, 'upload/picfile_list/c4a3c67e2ee613bee103963f29b961f920230731140943803.jpg', 5, 1),
(116, 12, 'upload/picfile_list/e4b10ab10cc0e907cce0b0fe1d7b764220230731140943954.jpg', 6, 1),
(135, 15, 'upload/picfile_list/b538183a731ff31ba1becadbed9d1c0d20230809173316859.jpg', 100, 1),
(141, 13, 'upload/picfile_list/7cca74369e2748fdde38d12e0ed98a9420230810083839598.jpg', 100, 1),
(157, 20, 'upload/picfile_list/ce62f34221967a7b655f633366d284b920230810170041132.jpg', 100, 1),
(156, 19, 'upload/picfile_list/6f9acdcdb6774432c78957a0d297f4e220230810165120244.jpg', 100, 1),
(158, 20, 'upload/picfile_list/810a52b07cd87b5cc9297961c9461f0320230810170041133.jpg', 100, 1),
(159, 20, 'upload/picfile_list/f37537df268fc30e197710b79117494d20230810170041262.jpg', 100, 1),
(160, 20, 'upload/picfile_list/703791fcc385452cb5f039d717b3ae7a20230810170041547.jpg', 100, 1),
(161, 21, 'upload/picfile_list/2579fadf9cc120dfe231e907d3e5c4f720230810170725217.jpg', 100, 1),
(162, 21, 'upload/picfile_list/b64bcdfd316e8a12f3e8ba0b4a1f4ae420230810170726092.jpg', 100, 1),
(163, 21, 'upload/picfile_list/d58c80d9f7f919ca9551d536e039aecb20230810170727031.jpg', 100, 1),
(164, 21, 'upload/picfile_list/266d1dd15f1221582e02a0935156649f20230810170727885.jpg', 100, 1),
(165, 22, 'upload/picfile_list/68dbf100d83280eb32f7a3c1a47356b320230810171340661.jpg', 100, 1),
(166, 22, 'upload/picfile_list/0ccd7c98e2e4e95019839c88e025e2da20230810171340662.jpg', 100, 1),
(167, 22, 'upload/picfile_list/4192978110769c9c3e68617166ad5d6520230810171340663.jpg', 100, 1),
(168, 23, 'upload/picfile_list/3a64517d685084e34f3e453639aeb4fd20230810171756802.jpg', 100, 1),
(169, 23, 'upload/picfile_list/62dfdadbb4d2c549d730bf0cfc5ea49820230810171757052.jpg', 100, 1),
(178, 24, 'upload/picfile_list/59253df0177139c618f105f8a0f2896920230811084533925.jpg', 100, 1),
(171, 23, 'upload/picfile_list/b4d1e992135dbd9124c4ae2e1f18c33420230810171757902.jpg', 100, 1),
(179, 24, 'upload/picfile_list/a8ac9fec0511973d0861b35b0b1f985220230811084534395.jpg', 100, 1),
(180, 24, 'upload/picfile_list/cf57b6af8589f5a6f418a8fa336752a320230811084534893.jpg', 100, 1),
(181, 25, 'upload/picfile_list/39fd4a75c77b6a2f88ef8b920f520e5020230811095824963.jpg', 100, 1),
(182, 25, 'upload/picfile_list/41fcd55163a6b5fb639e70d672cb92da20230811095824965.jpg', 100, 1),
(185, 26, 'upload/picfile_list/860e59b81546def60c25fb441b2cef2b20230811101612174.png', 100, 1),
(184, 26, 'upload/picfile_list/83956cdfc8f75126493e0bfce0cd573d20230811101405708.jpg', 100, 1),
(186, 1, 'upload/picfile_list/a6bbc150ac6055936a1c254ccb1969ce20230811102124261.png', 100, 1),
(187, 27, 'upload/picfile_list/1ac3cf9300725e01a937a149f0bc6e7820230811103049619.jpg', 100, 1),
(188, 27, 'upload/picfile_list/5104088e42df9ec250513772fc3f510520230811103114688.jpg', 100, 1),
(192, 27, 'upload/picfile_list/0abe15fa0432098cef383c44c709a0f820230811103644617.png', 100, 1),
(194, 28, 'upload/picfile_list/a2b83f753226dcf831258ffc4f46fd0120230811105219752.jpg', 100, 1),
(196, 29, 'upload/picfile_list/93bd5b050c6a5b069be55266fe0a2d0220230811110311753.jpg', 100, 1),
(197, 29, 'upload/picfile_list/202c513128eb56de7c5e94810a3a7cd720230811110417817.jpg', 100, 1),
(198, 29, 'upload/picfile_list/19dde25ad4c2899dc91214ea6647133c20230811110511034.jpg', 100, 1),
(199, 29, 'upload/picfile_list/be12d444b27338faa66ab82652c29fd720230811110655007.jpg', 100, 1),
(200, 30, 'upload/picfile_list/a583bdc1e5ca7f9e6a22cc363aab4eb520230811111310350.jpg', 100, 1),
(201, 30, 'upload/picfile_list/7101a95f430424c4aaf6e8adcefa88e220230811111311103.jpg', 100, 1),
(202, 30, 'upload/picfile_list/c8430ae9f915e07a2c5c717b0d8141f920230811111311885.jpg', 100, 1);

-- --------------------------------------------------------

--
-- 資料表結構 `_web_banner`
--

CREATE TABLE `_web_banner` (
  `id` int NOT NULL,
  `name` varchar(255) CHARACTER SET utf8mb3 COLLATE utf8mb3_general_ci DEFAULT NULL,
  `title` text CHARACTER SET utf8mb3 COLLATE utf8mb3_unicode_ci,
  `title2` varchar(255) CHARACTER SET utf8mb3 COLLATE utf8mb3_unicode_ci DEFAULT NULL,
  `content` text CHARACTER SET utf8mb3 COLLATE utf8mb3_unicode_ci,
  `url` text CHARACTER SET utf8mb3 COLLATE utf8mb3_general_ci,
  `change_c_name` varchar(255) CHARACTER SET utf8mb3 COLLATE utf8mb3_general_ci DEFAULT NULL,
  `change_e_name` varchar(255) CHARACTER SET utf8mb3 COLLATE utf8mb3_general_ci DEFAULT NULL,
  `is_show` int NOT NULL DEFAULT '1',
  `sort` int DEFAULT '100',
  `pic` varchar(255) CHARACTER SET utf8mb3 COLLATE utf8mb3_general_ci DEFAULT NULL,
  `pic_m` varchar(255) CHARACTER SET utf8mb3 COLLATE utf8mb3_unicode_ci DEFAULT NULL,
  `img_text` varchar(255) CHARACTER SET utf8mb3 COLLATE utf8mb3_unicode_ci DEFAULT NULL
) ENGINE=MyISAM DEFAULT CHARSET=utf8mb3 COLLATE=utf8mb3_unicode_ci;

--
-- 傾印資料表的資料 `_web_banner`
--

INSERT INTO `_web_banner` (`id`, `name`, `title`, `title2`, `content`, `url`, `change_c_name`, `change_e_name`, `is_show`, `sort`, `pic`, `pic_m`, `img_text`) VALUES
(1, 'Banner1', '綠能環保，永續經營', '與您共同守護地球有限資源。', NULL, NULL, NULL, NULL, 1, 100, 'upload/banner_picfile/2023/07/20230706134130703.png', 'upload/banner_picfile_m/2023/07/20230708141800748.jpg', 'test'),
(10, 'Banner2', '綠能環保，永續經營', '引領太陽能革命的未來之光。', NULL, NULL, NULL, NULL, 1, 100, 'upload/banner_picfile/2023/07/20230711154951297.png', NULL, '與您共同守護地球有限資源');

-- --------------------------------------------------------

--
-- 資料表結構 `_web_blog`
--

CREATE TABLE `_web_blog` (
  `id` int NOT NULL,
  `category_id` int DEFAULT NULL COMMENT '分類ID',
  `title` varchar(255) DEFAULT NULL COMMENT '標題',
  `description` longtext CHARACTER SET utf8mb3 COLLATE utf8mb3_general_ci COMMENT '簡介',
  `content` longtext CHARACTER SET utf8mb3 COLLATE utf8mb3_general_ci COMMENT '內容',
  `pic` varchar(255) DEFAULT NULL COMMENT '列表圖片',
  `img_text` varchar(255) DEFAULT NULL,
  `pic2` varchar(255) DEFAULT NULL COMMENT '首頁圖片',
  `newsdt` date NOT NULL COMMENT '上架日期',
  `sort` int NOT NULL DEFAULT '100' COMMENT '排序',
  `is_show` tinyint NOT NULL COMMENT '是否啟用',
  `is_top` tinyint(1) NOT NULL DEFAULT '0' COMMENT '設定至首頁'
) ENGINE=MyISAM DEFAULT CHARSET=utf8mb3;

--
-- 傾印資料表的資料 `_web_blog`
--

INSERT INTO `_web_blog` (`id`, `category_id`, `title`, `description`, `content`, `pic`, `img_text`, `pic2`, `newsdt`, `sort`, `is_show`, `is_top`) VALUES
(9, 1, '太陽能屋頂出租指南：新戶必知的出租條件、收入、發電量！', '不熟悉太陽能屋頂出租資訊嗎？別擔心！本文將介紹太陽能屋頂出租的基本概念與背景', '<p><br />\r\n<span style=\"font-size:16px;\">您也想加入綠色能源革命，但卻不熟悉太陽能屋頂出租資訊嗎？</span></p>\r\n\r\n<p><span style=\"font-size:16px;\">別擔心！本文將介紹太陽能屋頂出租的基本概念與背景，帶您了解太陽能發電三大條件、年發電量與年收益等實用資訊，協助您評估自家建築是否適合安裝太陽能！</span></p>\r\n\r\n<p>&nbsp;</p>\r\n\r\n<p><span style=\"font-family: 微軟正黑體, &quot;Microsoft JhengHei&quot;, Arial, Helvetica, sans-serif;\">在這篇文章中我們將會介紹：</span></p>\r\n\r\n<p><a href=\"#一、太陽能屋頂出租基本介紹\"><span style=\"color: rgb(255, 140, 0);\">一、太陽能屋頂出租基本介紹</span></a></p>\r\n\r\n<p><a href=\"#二、太陽能屋頂出租3大基本條件\"><span style=\"color: rgb(255, 140, 0);\">二、太陽能屋頂出租3大基本條件</span></a></p>\r\n\r\n<p><a href=\"#三、如何評估太陽能板發電量？賣電收入？\"><span style=\"color: rgb(255, 140, 0);\">三、如何評估太陽能板發電量？賣電收入？</span></a></p>\r\n\r\n<p><a href=\"#四、太陽能屋頂出租推薦：晁宇太陽能\"><span style=\"color: rgb(255, 140, 0);\">四、太陽能屋頂出租推薦：晁宇太陽能</span></a></p>\r\n\r\n<div>&nbsp;</div>\r\n\r\n<p dir=\"ltr\" style=\"line-height:1.38;margin-top:0pt;margin-bottom:0pt;\">&nbsp;</p>\r\n\r\n<p dir=\"ltr\" style=\"line-height:1.38;margin-top:0pt;margin-bottom:0pt;\"><span style=\"font-family:新細明體;\"><a id=\"一、太陽能屋頂出租基本介紹\" name=\"一、太陽能屋頂出租基本介紹\"></a><img alt=\"太陽能屋頂出租基本介紹\" src=\"/upload/images/%E5%A4%AA%E9%99%BD%E8%83%BD%E5%B1%8B%E9%A0%82%E5%87%BA%E7%A7%9F%E5%9F%BA%E6%9C%AC%E4%BB%8B%E7%B4%B9.jpg\" /></span></p>\r\n\r\n<h2 dir=\"ltr\" style=\"line-height: 1.38; margin-top: 18pt; margin-bottom: 6pt;\"><span style=\"color:#FF8C00;\"><span style=\"font-size:20px;\">一、太陽能屋頂出租基本介紹</span></span></h2>\r\n\r\n<p><span style=\"font-size:16px;\">「太陽能屋頂出租」是利用閒置的屋頂空間，安裝太陽能板進行發電。</span></p>\r\n\r\n<p><span style=\"font-size:16px;\">與地面型太陽能系統相比，太陽能屋頂出租更為簡單和便利，不需要佔用大面積土地，只需租出屋頂空間即可參加計劃！</span></p>\r\n\r\n<p><span style=\"font-size:16px;\">政府的「綠能屋頂」計畫鼓勵民眾參與太陽能出租，享受多重好處！</span></p>\r\n\r\n<p><span style=\"font-size:16px;\">參與者無需投入資金，只要將自家屋頂出租 20 年，每年至少可享有 10% 回饋金，打造政府、民眾和能源之間的多贏局面。</span></p>\r\n\r\n<p><span style=\"font-size:16px;\">太陽能屋頂出租具有穩定租金、減少能源依賴、降低碳排放等多項優點，使屋頂出租成為國民的熱門投資選擇，並在綠色能源轉型中扮演著重要角色。</span></p>\r\n\r\n<p><a id=\"二、太陽能屋頂出租3大基本條件\" name=\"二、太陽能屋頂出租3大基本條件\"></a><img alt=\"太陽能屋頂出租3大基本條件\" src=\"/upload/images/%E5%A4%AA%E9%99%BD%E8%83%BD%E5%B1%8B%E9%A0%82%E5%87%BA%E7%A7%9F3%E5%A4%A7%E5%9F%BA%E6%9C%AC%E6%A2%9D%E4%BB%B6.jpg\" /></p>\r\n\r\n<p>&nbsp;</p>\r\n\r\n<h2><span style=\"color:#FF8C00;\"><span style=\"font-size:20px;\">二、太陽能屋頂出租3大基本條件</span></span></h2>\r\n\r\n<p><span style=\"font-size:16px;\">太陽能屋頂出租需要滿足三大基本設置條件：充足日照、合法建築和堅固屋頂結構。</span></p>\r\n\r\n<h3><br />\r\n<span style=\"font-size:16px;\"><strong>1. 日照充足</strong></span><br />\r\n屋頂需有充足的太陽光照射，周遭無遮陰物，如：女兒牆、水塔、機房、建築物等。建物屋頂不能有遮陰狀況(如屋突或樓梯間)，周遭亦不能有更高建物造成遮陰。</h3>\r\n\r\n<h3><br />\r\n<span style=\"font-size:16px;\"><strong>2. 合法建築</strong></span><br />\r\n太陽能系統需建置在合法建築上，不能有違建或增建設施。無埨是透天厝、農舍或鐵皮工廠，申請人需具備建物權狀和使用執照。</h3>\r\n\r\n<h3><br />\r\n<span style=\"font-size:16px;\"><strong>3. 屋頂結構堅固</strong></span><br />\r\n屋頂結構必須堅固，能承受太陽能板的重量、風力和地震負載，並具有良好的防水性能。</h3>\r\n\r\n<p dir=\"ltr\" style=\"line-height:1.38;margin-top:0pt;margin-bottom:0pt;\">&nbsp;</p>\r\n\r\n<p dir=\"ltr\" style=\"line-height:1.38;margin-top:0pt;margin-bottom:0pt;\">&nbsp;</p>\r\n\r\n<p dir=\"ltr\" style=\"line-height:1.38;margin-top:0pt;margin-bottom:0pt;\"><a id=\"三、如何評估太陽能板發電量？賣電收入？\" name=\"三、如何評估太陽能板發電量？賣電收入？\"></a><img alt=\"如何評估太陽能板發電量？賣電收入？\" src=\"/upload/images/%E5%A6%82%E4%BD%95%E8%A9%95%E4%BC%B0%E5%A4%AA%E9%99%BD%E8%83%BD%E6%9D%BF%E7%99%BC%E9%9B%BB%E9%87%8F%EF%BC%9F%E8%B3%A3%E9%9B%BB%E6%94%B6%E5%85%A5%EF%BC%9F.jpg\" /></p>\r\n\r\n<h2 dir=\"ltr\" style=\"line-height:1.38;margin-top:18pt;margin-bottom:6pt;\"><span style=\"color:#FF8C00;\"><span style=\"font-size:20px;\">三、如何評估太陽能板發電量？賣電收入？</span></span></h2>\r\n\r\n<p><span style=\"font-size:16px;\">評估太陽能屋頂出租的發電量需要考慮眾多因素，初次安裝太陽能板的住戶，建議從以下三點評估發電量，算出賣電收入。</span></p>\r\n\r\n<h3><span style=\"font-size:16px;\"><strong><span style=\"color:#FF8C00;\">1. 片數</span></strong><br />\r\n表示安裝的太陽能板數量，通常一片太陽能版，面積約 0.5 坪，以 50 坪的屋頂來看，便需要安裝 100 片太陽能版。</span></h3>\r\n\r\n<p><span style=\"font-size:16px;\"><strong><span style=\"color:#FF8C00;\">2. 裝置容量</span></strong><br />\r\n裝置容量指的是每片太陽能板的最大發電能力，常以瓦（W）或千瓦（kW）來表示。<br />\r\n每片太陽能板的裝置容量，通常是介於 345W～380W，若將每片裝置容量（370W）乘以片數（100），<br />\r\n便可能知該屋頂的總裝至容量（37,000W）。</span></p>\r\n\r\n<h3><span style=\"font-size:16px;\"><strong><span style=\"color:#FF8C00;\">3. 屋頂坪數面積</span></strong><br />\r\n屋頂坪數影響太陽能板的安裝數量和佈局，坪數越大，表示能安裝的太陽能板片數就越多，間接帶來更多發電量與收入。</span></h3>\r\n\r\n<p><br />\r\n<span style=\"font-size:16px;\">賣電收入範例計算：</span></p>\r\n\r\n<p><span style=\"font-size:16px;\">以居住於新竹縣的黃先生為例，他欲出租 50 坪的屋頂參與太陽能售電。根據上述資料推算，他每年的發電量為 42,476 度。</span></p>\r\n\r\n<p><span style=\"font-size:16px;\">根據去年 111 年新竹縣的太陽光電容量因數，每瓩可生產 1,148 度，因此他的裝置容量 37 瓩每年可生產的電量為 37 瓩 * 1,148 度 = 42,476 度。</span></p>\r\n\r\n<p><span style=\"font-size:16px;\">黃先生符合一般民眾的條件，且裝置容量介於 20 瓩至 100 瓩之間。</span></p>\r\n\r\n<p><span style=\"font-size:16px;\">根據 112 年費率，上半年的躉購費率為 4.4861 元/度，下半年的躉購費率為 4.3864 元/度，粗估整年度的躉購費率為 4.43625 元/度。</span></p>\r\n\r\n<p><span style=\"font-size:16px;\">根據此計算，黃先生每年的售電收入為 42,476 度 * 4.43625 &asymp; 188,434 元。</span></p>\r\n\r\n<p><span style=\"font-size:16px;\">因此，黃先生若將生產的電力全數投入售電，他每年可獲得約 18 萬台幣的收益（但自行架設初期，需負擔龐大設備成本）。</span></p>\r\n\r\n<p><span style=\"font-size:16px;\">倘若不想花到一毛錢，將屋頂出租給能源廠商，則每年輕鬆享有 10% 回饋金約 18,843 元。</span></p>\r\n\r\n<p dir=\"ltr\" style=\"line-height:1.38;margin-top:0pt;margin-bottom:0pt;\">&nbsp;</p>\r\n\r\n<p dir=\"ltr\" style=\"line-height:1.38;margin-top:0pt;margin-bottom:0pt;\"><a id=\"四、太陽能屋頂出租推薦：晁宇太陽能\" name=\"四、太陽能屋頂出租推薦：晁宇太陽能\"></a><img alt=\"太陽能屋頂出租推薦：晁宇太陽能\" src=\"/upload/images/%E5%A4%AA%E9%99%BD%E8%83%BD%E5%B1%8B%E9%A0%82%E5%87%BA%E7%A7%9F%E6%8E%A8%E8%96%A6%EF%BC%9A%E6%99%81%E5%AE%87%E5%A4%AA%E9%99%BD%E8%83%BD.jpg\" /></p>\r\n\r\n<p dir=\"ltr\" style=\"line-height:1.38;margin-top:0pt;margin-bottom:0pt;\">&nbsp;</p>\r\n\r\n<h2 dir=\"ltr\" style=\"line-height: 1.38; margin-top: 0pt; margin-bottom: 0pt;\"><span style=\"color:#FF8C00;\"><span style=\"font-size:20px;\">四、太陽能屋頂出租推薦：晁宇太陽能</span></span></h2>\r\n\r\n<p><span style=\"font-size:16px;\">如果以上的估算讓您感到困惑，別擔心！晁宇太陽能提供免費現場評估！</span></p>\r\n\r\n<p><span style=\"font-size:16px;\">我們擁有專業團隊為您設計和規劃，保證太陽能發電量的穩定性。</span></p>\r\n\r\n<p><span style=\"font-size:16px;\">在建置材料和工法方面，晁宇太陽能比市場上的業者更要求高規格，配有即時監控系統，以確保掌握每個案場的發電效能和現場狀況。</span></p>\r\n\r\n<p><span style=\"font-size:16px;\">除了施工品質有保證外，<u>凡是將太陽能屋頂出租的民眾，至少享有 10% 回饋租金</u>，讓您穩定收租無煩惱！</span></p>\r\n\r\n<p><span style=\"font-size:16px;\">您有閒置的屋頂空間嗎？晁宇科技邀請您～一起種綠電，領回饋</span></p>\r\n\r\n<p><span style=\"font-size:16px;\">為閒置做點建置，產生的綠電能源也能為地球盡一份心力！</span></p>\r\n\r\n<p dir=\"ltr\" style=\"line-height:1.38;margin-top:0pt;margin-bottom:0pt;\">&nbsp;</p>\r\n\r\n<p><span style=\"font-size:16px;\">-----------------------</span></p>\r\n\r\n<p><br />\r\n<span style=\"font-size:16px;\">晁宇科技｜您的綠色收益專家</span></p>\r\n\r\n<p><br />\r\n<span style=\"font-size:16px;\">➭ 評估專線：05-6326696</span></p>\r\n\r\n<p><span style=\"font-size:16px;\">➭ 客服信箱：chaoyux520@gmail.com</span></p>\r\n\r\n<p><span style=\"font-size:16px;\">➭ 專員連繫：<a href=\"http://line.me/R/ti/p/@877ohibh\">官方LINE</a></span></p>\r\n\r\n<p><br />\r\n<span style=\"font-size:16px;\">-----------------------</span></p>\r\n\r\n<p>&nbsp;</p>\r\n\r\n<p dir=\"ltr\" style=\"line-height: 1.38; margin-top: 0pt; margin-bottom: 0pt;\"><span style=\"font-size:16px;\"><strong><span style=\"color: rgb(255, 140, 0);\">查看更多文章：</span></strong></span></p>\r\n\r\n<p><span style=\"font-size:16px;\"><a href=\"https://chaoyu.wagikgdemo.com.tw/index.php?action=knowledge_detail&amp;id=10\">屋頂裝太陽能板好嗎？聽說有害？分析太陽能優缺點與常見QA</a></span></p>\r\n\r\n<p><span style=\"font-size:16px;\"><a href=\"https://chaoyu.wagikgdemo.com.tw/index.php?action=knowledge_detail&amp;id=15\">太陽能租金收入如何計算？2大公式計算發電量、回饋金收益！</a></span></p>\r\n\r\n<p><span style=\"font-size:16px;\"><a href=\"https://chaoyu.wagikgdemo.com.tw/index.php?action=knowledge_detail&amp;id=16\">太陽能屋頂申請懶人包：七步驟解析申請關鍵，一次成功不卡關</a></span></p>\r\n\r\n<p><span style=\"font-size:16px;\"><a href=\"https://chaoyu.wagikgdemo.com.tw/index.php?action=knowledge_detail&amp;id=17\">​太陽能類型有哪些？三分鐘了解屋頂型、地面型建置優缺點！</a></span></p>\r\n', 'upload/picfile/2023/07/20230719165222453.jpg', '太陽能屋頂出租指南：新戶必知的出租條件、收入、發電量！', NULL, '2023-07-19', 1, 1, 0),
(10, 1, '屋頂裝太陽能板好嗎？聽說有害？分析太陽能優缺點與常見QA', '底屋頂裝太陽能板好嗎？聽說會產生噪音及造成電磁波的危害問題？', '<p><span style=\"font-size:16px;\">隨著環保意識抬頭，許多人開始考慮在屋頂安裝太陽能板。</span></p>\r\n\r\n<p><span style=\"font-size:16px;\">不過，在安裝之前，許多人都好奇到底屋頂裝太陽能板好嗎？</span></p>\r\n\r\n<p><span style=\"font-size:16px;\">聽說會產生噪音及造成電磁波的危害問題？</span></p>\r\n\r\n<p><span style=\"font-size:16px;\">而遲遲不敢安裝太陽能板，不過，其實這些都是迷思！</span></p>\r\n\r\n<p><span style=\"font-size:16px;\">就讓我們來破除迷思吧！</span></p>\r\n\r\n<p><span style=\"font-size:16px;\">本文將帶您一窺太陽能板的優缺點、認識常見的安裝型態，解決您對於太陽能發電的種種疑慮與不安！</span></p>\r\n\r\n<p>&nbsp;</p>\r\n\r\n<p><span style=\"font-family: 微軟正黑體, &quot;Microsoft JhengHei&quot;, Arial, Helvetica, sans-serif;\">在這篇文章中我們將會介紹：</span></p>\r\n\r\n<p><a href=\"#一、屋頂裝太陽能板好嗎？3大優缺點公開！\"><span style=\"color:#FF8C00;\">一、屋頂裝太陽能板好嗎？優缺點公開！</span></a></p>\r\n\r\n<p><a href=\"#二、太陽能源利用方式：「售電」、「自用」、「出租」\"><span style=\"color:#FF8C00;\">二、太陽能源利用方式：「售電」、「自用」、「出租」</span></a></p>\r\n\r\n<p><a href=\"#三、屋頂裝太陽能板常見Q&amp;A\"><span style=\"color:#FF8C00;\">三、屋頂裝太陽能板常見Q&amp;A</span></a></p>\r\n\r\n<p><a href=\"#四、如何評估屋頂適合安裝太陽能板？\"><span style=\"color: rgb(255, 140, 0);\">四、如何評估屋頂適合安裝太陽能板？</span></a></p>\r\n\r\n<p>&nbsp;</p>\r\n\r\n<p><span style=\"font-family:新細明體;\"><span style=\"font-size:16px;\"><a id=\"一、屋頂裝太陽能板好嗎？3大優缺點公開！\" name=\"一、屋頂裝太陽能板好嗎？3大優缺點公開！\"></a><img alt=\"屋頂裝太陽能板好嗎？優缺點公開！\" src=\"/upload/images/%E5%B1%8B%E9%A0%82%E8%A3%9D%E5%A4%AA%E9%99%BD%E8%83%BD%E6%9D%BF%E5%A5%BD%E5%97%8E%EF%BC%9F3%E5%A4%A7%E5%84%AA%E7%BC%BA%E9%BB%9E%E5%85%AC%E9%96%8B%EF%BC%81(4).jpg\" /></span></span></p>\r\n\r\n<p>&nbsp;</p>\r\n\r\n<h2><span style=\"color:#FF8C00;\"><span style=\"font-size:20px;\">一、屋頂裝太陽能板好嗎？優缺點公開！</span></span></h2>\r\n\r\n<h3><span style=\"font-size:16px;\"><span style=\"color:#008000;\"><strong>優點一：屋頂隔熱，室內降溫 3－5 度</strong></span></span></h3>\r\n\r\n<p><span style=\"font-size:16px;\">裝上太陽能板可以幫助降低室內溫度，預估可達到 3 至 5 度的降溫效果。實際測量顯示，沒有安裝太陽能板的區域，屋頂的溫度高達 70 度，</span></p>\r\n\r\n<p><span style=\"font-size:16px;\">相反地，安裝了太陽能板的區域，屋頂的測量溫度為 40 度，表面降低了約 30 度！</span></p>\r\n\r\n<p><span style=\"font-size:16px;\"><span style=\"color:#008000;\"><strong>優點二：加強防水層，延長建築屋頂壽命</strong></span></span></p>\r\n\r\n<p><span style=\"font-size:16px;\">安裝太陽能板就像給屋頂加上一層保護膜，減少日曬和雨水對屋頂的侵蝕。特別是台灣 4－5 月梅雨季和颱風來襲時，屋頂經常承受大雨的洗禮，</span></p>\r\n\r\n<p><span style=\"font-size:16px;\">一旦有了太陽能板作為防水層，就能夠省下不必要的支出，讓您的屋頂更耐用、更符合經濟效益！</span></p>\r\n\r\n<h3><span style=\"font-size:16px;\"><span style=\"color:#008000;\"><strong>優點三：有效利用屋頂閒置空間，增加被動收入</strong></span></span></h3>\r\n\r\n<p><span style=\"font-size:16px;\">屋頂上安裝太陽能板後，多餘的電力可以銷售回電網，或者用於自家使用，帶來額外的收益。若是將屋頂出租，則不用負擔裝置成本</span></p>\r\n\r\n<p><span style=\"font-size:16px;\">，可以每年無痛享受被動收入。然而，太陽能板也有一些缺點需要考慮。</span></p>\r\n\r\n<p><span style=\"font-size:16px;\"><span style=\"color:#FF0000;\"><strong>缺點一：發電時間較短</strong></span></span></p>\r\n\r\n<p><span style=\"font-size:16px;\">太陽能板只能在白天陽光充足的時候蓄電，而在夜間或陰天則無法產生電力，需要依賴其他能源來滿足夜間或陰天的電力需求。</span></p>\r\n\r\n<h3><span style=\"color:#FF0000;\"><span style=\"font-size:16px;\"><strong>缺點二：發電效能取決於面積</strong></span></span></h3>\r\n\r\n<p><span style=\"font-size:16px;\">太陽能板的發電效能取決於面積，越大的面積可以產生更多的電力。因此，建議屋頂面積要有 15 坪以上，才能充分發揮太陽能的效益。</span></p>\r\n\r\n<p><span style=\"font-family:新細明體;\"><span style=\"font-size:16px;\"><a id=\"二、太陽能源利用方式：「售電」、「自用」、「出租」\" name=\"二、太陽能源利用方式：「售電」、「自用」、「出租」\"></a><img alt=\"太陽能源利用方式：「售電」、「自用」、「出租」\" src=\"/upload/images/%E5%A4%AA%E9%99%BD%E8%83%BD%E6%BA%90%E5%88%A9%E7%94%A8%E6%96%B9%E5%BC%8F%EF%BC%9A%E3%80%8C%E5%94%AE%E9%9B%BB%E3%80%8D%E3%80%81%E3%80%8C%E8%87%AA%E7%94%A8%E3%80%8D%E3%80%81%E3%80%8C%E5%87%BA%E7%A7%9F%E3%80%8D%20.jpg\" /></span></span></p>\r\n\r\n<p>&nbsp;</p>\r\n\r\n<h2><span style=\"color:#FF8C00;\"><span style=\"font-size:20px;\">二、太陽能源利用方式：「售電」、「自用」、「出租」</span></span></h2>\r\n\r\n<p><span style=\"font-size:16px;\">如何利用收集到太陽能源呢？太陽能建置型態可區分為「售電」、「自用」、「出租」等不同的方式。</span></p>\r\n\r\n<p><span style=\"font-size:16px;\">下將分段說明這三種太陽能型態的優點和缺點：</span></p>\r\n\r\n<h3><span style=\"font-size:16px;\"><span style=\"color:#FF8C00;\"><strong>【太陽能售電型】</strong></span></span></h3>\r\n\r\n<p><span style=\"font-size:16px;\">太陽能售電型是指將電力躉售給台電，需事前與台電、能源局等單位進行申請核可，從案場安裝到申請約三到六個月時間。</span></p>\r\n\r\n<p><span style=\"font-size:16px;\">售電型的優點是可以獲得穩定的收入，特別在陽光充足、有優惠的地區。缺點則是初次建置太陽能板的成本高，需要數年後才能回本，開始獲得收益。</span></p>\r\n\r\n<h3><span style=\"font-size:16px;\"><span style=\"color:#FF8C00;\"><strong>【太陽能自用型】</strong></span></span></h3>\r\n\r\n<p><span style=\"font-size:16px;\">餘額躉售指的是將屋頂所產生太陽能先配給自家使用，剩餘的電力才賣給台電，不足電力由台電提供。</span></p>\r\n\r\n<p><span style=\"font-size:16px;\">電力全額自用則是不賣電給政府，適合高用電量的用戶，特別是每度電費超過 4 元的用戶。</span></p>\r\n\r\n<p><span style=\"font-size:16px;\">缺點是自用型通常為一次性向廠商購買設備安裝，並無維修保固和每年檢查服務，須自行承擔損壞風險。</span></p>\r\n\r\n<h3><span style=\"font-size: 16px;\"><span style=\"color: rgb(255, 140, 0);\"><strong>【太陽能出租型】</strong></span></span></h3>\r\n\r\n<p><span style=\"font-size: 16px;\">太陽能出租型是最熱門的安裝方式，只要將閒置屋頂出租給設備商搭建太陽能，就能獲得20年固定不變的租金費率收入。</span></p>\r\n\r\n<p><span style=\"font-size: 16px;\">出租的優點是可以利用閒置的屋頂空間賺取被動收入，不需要擔心自行使用或銷售電力的問題，還能將太陽能系統的營運和維護交給廠商，</span></p>\r\n\r\n<p><span style=\"font-size: 16px;\">幾乎是把售電型跟自用型的缺點都解決了！只要特別注意合約簽訂、施工流程，就能安心獲得穩定收入和屋頂安全。</span></p>\r\n\r\n<p>&nbsp;</p>\r\n\r\n<p><span style=\"font-size: 16px;\">下表提供了一個參考，比較太陽能售電型、自用型和出租型的優點和缺點：</span></p>\r\n\r\n<p><span style=\"font-family:新細明體;\"><span style=\"font-size:16px;\"><span style=\"font-weight: 400;\"><img alt=\"比較太陽能售電型、自用型和出租型的優點和缺點\" src=\"/upload/images/%E6%AF%94%E8%BC%83%E5%A4%AA%E9%99%BD%E8%83%BD%E5%94%AE%E9%9B%BB%E5%9E%8B%E3%80%81%E8%87%AA%E7%94%A8%E5%9E%8B%E5%92%8C%E5%87%BA%E7%A7%9F%E5%9E%8B%E7%9A%84%E5%84%AA%E9%BB%9E%E5%92%8C%E7%BC%BA%E9%BB%9E.jpg\" /></span></span></span></p>\r\n\r\n<p><span style=\"font-size:16px;\"><span style=\"font-family:新細明體,serif;\">不同於其他廠商，<span style=\"color:#FFA500;\">針對售電型，</span><span style=\"color:#FF8C00;\">晁宇太陽能提供</span></span><span style=\"color:#FF8C00;\">5</span><span style=\"font-family:新細明體,serif;\"><span style=\"color:#FF8C00;\">年太陽能板保固，並每年檢查</span>，對硬體設備不熟悉的發電者可說是一大福音！</span></span></p>\r\n\r\n<p><span style=\"font-size:16px;\"><span style=\"color:#FF8C00;\"><span style=\"font-family:新細明體,serif;\">倘若合作超過</span>5</span><span style=\"font-family:新細明體,serif;\"><span style=\"color:#FF8C00;\">年，不續簽維運合約，則採實報實銷服務</span>。</span></span></p>\r\n\r\n<p>&nbsp;</p>\r\n\r\n<p><span style=\"font-family:新細明體;\"><span style=\"font-size:16px;\"><a id=\"三、屋頂裝太陽能板常見Q&amp;A\" name=\"三、屋頂裝太陽能板常見Q&amp;A\"></a><img alt=\"屋頂裝太陽能板常見Q&amp;A\" src=\"/upload/images/%E5%B1%8B%E9%A0%82%E8%A3%9D%E5%A4%AA%E9%99%BD%E8%83%BD%E6%9D%BF%E5%B8%B8%E8%A6%8BQ%26A.jpg\" /></span></span></p>\r\n\r\n<h2>&nbsp;</h2>\r\n\r\n<h2><span style=\"color:#FF8C00;\"><span style=\"font-size:20px;\">三、屋頂裝太陽能板常見Q&amp;A</span></span></h2>\r\n\r\n<h3><span style=\"font-size:16px;\"><strong>Q1：太陽能板會對身體造成危害嗎？</strong><br />\r\nA1：太陽能板通常是安全的，並不會對人體造成直接危害。它們使用的是太陽能轉換為電能的技術，不釋放有害氣體或輻射。</span></h3>\r\n\r\n<h3><br />\r\n<span style=\"font-size:16px;\"><strong>Q2：屋頂裝太陽能板會破壞建築防水層嗎？</strong><br />\r\nA2：專業的太陽能安裝公司會採取適當的措施，確保太陽能板的安裝不會損害屋頂的防水功能。若有破壞原結構的疑慮，建議民眾在廠商施工時多加留意密封材料和工法，以確保水密性。</span></h3>\r\n\r\n<h3><br />\r\n<span style=\"font-size:16px;\"><strong>Q3：安裝太陽能板要注意什麼？</strong><br />\r\nA3：安裝太陽能板需要注意以下關鍵要點。</span></h3>\r\n\r\n<p><span style=\"font-size:16px;\">首先，應該確保屋頂具有足夠的耐載能力，能夠承受太陽能板的重量。第二步是考慮屋頂的角度和朝向，選擇合適的太陽能版大小與容量裝置，以獲得最佳的日照效果。最後，確保建築符合當地的安裝規範，取得必要的許可證才能順利運作。</span></p>\r\n\r\n<p>&nbsp;</p>\r\n\r\n<p><span style=\"font-family:新細明體;\"><span style=\"font-size:16px;\"><a id=\"四、如何評估屋頂適合安裝太陽能板？\" name=\"四、如何評估屋頂適合安裝太陽能板？\"></a><img alt=\"如何評估屋頂適合安裝太陽能板？\" src=\"/upload/images/%E5%A6%82%E4%BD%95%E8%A9%95%E4%BC%B0%E5%B1%8B%E9%A0%82%E9%81%A9%E5%90%88%E5%AE%89%E8%A3%9D%E5%A4%AA%E9%99%BD%E8%83%BD%E6%9D%BF%EF%BC%9F.jpg\" /></span></span></p>\r\n\r\n<p>&nbsp;</p>\r\n\r\n<p><span style=\"color:#FF8C00;\"><span style=\"font-size:20px;\">四、如何評估屋頂適合安裝太陽能板？</span></span></p>\r\n\r\n<p><span style=\"font-size:16px;\">要評估建物屋頂是否適合安裝太陽能板，需要考慮以下因素：</span></p>\r\n\r\n<p><span style=\"font-size:16px;\">1.建物是否合法，即是否具有建物所有權狀或使用執照。</span></p>\r\n\r\n<p><span style=\"font-size:16px;\">2.屋頂是否有加蓋結構。</span></p>\r\n\r\n<p><span style=\"font-size:16px;\">3.屋頂是否有突出物，導致遮陰情況，如屋突、樓梯間或水塔。</span></p>\r\n\r\n<p><span style=\"font-size:16px;\">4.周圍建築物是否會造成遮陰。</span></p>\r\n\r\n<p><span style=\"font-size:16px;\">5.地形、電塔、樹木等周圍環境是否會造成遮陰。</span></p>\r\n\r\n<p><span style=\"font-size:16px;\">6.當地電力供應網是否有足夠的容量供太陽能系統連接。</span></p>\r\n\r\n<p>&nbsp;</p>\r\n\r\n<p><span style=\"font-size:16px;\">透過以上因素，可以初步評估建物屋頂是否適合進行太陽能板的安裝，並預估其發電潛力。</span></p>\r\n\r\n<p><span style=\"font-size:16px;\">如果需要查詢當地台電饋線容量，請提供相關電費單，晁宇太陽能可以協助查詢！</span></p>\r\n\r\n<p>&nbsp;</p>\r\n\r\n<p><span style=\"font-size:16px;\">晁宇太陽能擁有專業、經驗豐富的案場監督和施工團隊，確保施工品質和發電效率的最佳表現，提供年度保養和檢修維護服務，確保系統的正常運行和長期效能。</span></p>\r\n\r\n<p><span style=\"font-size:16px;\">如有屋頂安裝太陽能的需求，請進一步聯繫晁宇太陽能，到府根據您的需求和屋頂情況進行設計規劃。</span></p>\r\n\r\n<p><br />\r\n<span style=\"font-size:16px;\">您有閒置的屋頂空間嗎？晁宇科技邀請您～一起種綠電，領回饋</span></p>\r\n\r\n<p><span style=\"font-size:16px;\">為閒置做點建置，產生的綠電能源也能為地球盡一份心力！</span></p>\r\n\r\n<p dir=\"ltr\" style=\"line-height: 1.38; margin-top: 0pt; margin-bottom: 0pt;\">&nbsp;</p>\r\n\r\n<p><span style=\"font-size:16px;\">-----------------------</span></p>\r\n\r\n<p><br />\r\n<span style=\"font-size:16px;\">晁宇科技｜您的綠色收益專家</span></p>\r\n\r\n<p><br />\r\n<span style=\"font-size:16px;\">➭ 評估專線：05-6326696</span></p>\r\n\r\n<p><span style=\"font-size:16px;\">➭ 客服信箱：chaoyux520@gmail.com</span></p>\r\n\r\n<p><span style=\"font-size:16px;\">➭ 專員連繫：<a href=\"http://line.me/R/ti/p/@877ohibh\">官方LINE</a></span></p>\r\n\r\n<p><br />\r\n<span style=\"font-size:16px;\">-----------------------</span></p>\r\n\r\n<p dir=\"ltr\" style=\"line-height: 1.38; margin-top: 0pt; margin-bottom: 0pt;\">&nbsp;</p>\r\n\r\n<p dir=\"ltr\" style=\"line-height: 1.38; margin-top: 0pt; margin-bottom: 0pt;\"><span style=\"font-size:16px;\"><strong><span style=\"color: rgb(255, 140, 0);\">查看更多文章：</span></strong></span></p>\r\n\r\n<p dir=\"ltr\" style=\"line-height: 1.38; margin-top: 0pt; margin-bottom: 0pt;\">&nbsp;</p>\r\n\r\n<p style=\"line-height: 1.38; margin-top: 0pt; margin-bottom: 0pt;\"><span style=\"font-size:16px;\"><a href=\"https://chaoyu.wagikgdemo.com.tw/index.php?action=knowledge_detail&amp;id=9\">太陽能屋頂出租指南：新戶必知的出租條件、收入、發電量！</a></span></p>\r\n\r\n<p><span style=\"font-size:16px;\"><a href=\"https://chaoyu.wagikgdemo.com.tw/index.php?action=knowledge_detail&amp;id=15\">太陽能租金收入如何計算？2大公式計算發電量、回饋金收益！</a></span></p>\r\n\r\n<p><span style=\"font-size:16px;\"><a href=\"https://chaoyu.wagikgdemo.com.tw/index.php?action=knowledge_detail&amp;id=16\">太陽能屋頂申請懶人包：七步驟解析申請關鍵，一次成功不卡關</a></span></p>\r\n\r\n<p><span style=\"font-size:16px;\"><a href=\"https://chaoyu.wagikgdemo.com.tw/index.php?action=knowledge_detail&amp;id=17\">​太陽能類型有哪些？三分鐘了解屋頂型、地面型建置優缺點！</a></span></p>\r\n\r\n<p dir=\"ltr\" style=\"line-height: 1.38; margin-top: 0pt; margin-bottom: 0pt;\">&nbsp;</p>\r\n\r\n<p dir=\"ltr\" style=\"line-height: 1.38; margin-top: 0pt; margin-bottom: 0pt;\">&nbsp;</p>\r\n\r\n<p dir=\"ltr\" style=\"line-height: 1.38; margin-top: 0pt; margin-bottom: 0pt;\">&nbsp;</p>\r\n\r\n<p dir=\"ltr\" style=\"line-height: 1.38; margin-top: 0pt; margin-bottom: 0pt;\">&nbsp;</p>\r\n\r\n<p dir=\"ltr\" style=\"line-height: 1.38; margin-top: 0pt; margin-bottom: 0pt;\">&nbsp;</p>\r\n', 'upload/picfile/2023/07/20230719171322317.jpg', '屋頂裝太陽能板好嗎？聽說有害？分析太陽能優缺點與常見QA', NULL, '2023-07-19', 2, 1, 0),
(16, 1, '太陽能屋頂申請懶人包：七步驟解析申請關鍵，一次成功不卡關', '本文將詳細解說太陽能屋頂申請的四大步驟，全面了解申請流程、準備文件、以及注意事項！', '<p><span style=\"font-size:16px;\">申請太陽能屋頂的過程相當繁瑣，若沒有委託廠商經手，需要自己辦理文件，與台電、能源局、地方政府進行長達一年的溝通，讓很多人都感到困擾。</span></p>\r\n\r\n<p><span style=\"font-size:16px;\">本文將詳細解說太陽能屋頂申請的七大步驟，全面了解申請流程、準備文件、以及注意事項！</span></p>\r\n\r\n<p><span style=\"font-size:16px;\"><span style=\"font-family: 微軟正黑體, &quot;Microsoft JhengHei&quot;, Arial, Helvetica, sans-serif;\">在這篇文章中我們將會介紹：</span></span></p>\r\n\r\n<div>\r\n<p><span style=\"font-size:16px;\"><a href=\"#步驟一：評估周邊環境是否符合法規\"><span style=\"color: rgb(255, 140, 0);\">步驟一：評估周邊環境是否符合法規</span></a></span></p>\r\n\r\n<p><span style=\"font-size:16px;\"><a href=\"#步驟二：向台電申請併聯審查\"><span style=\"color: rgb(255, 140, 0);\">步驟二：向台電申請併聯審查</span></a></span></p>\r\n\r\n<p><span style=\"font-size:16px;\"><a href=\"#步驟三：向能源局申請同意備案\"><span style=\"color: rgb(255, 140, 0);\">步驟三：向能源局申請同意備案</span></a></span></p>\r\n\r\n<p><span style=\"font-size:16px;\"><a href=\"#步驟四：取得台電審迄圖並向台電簽訂躉購合約\"><span style=\"color: rgb(255, 140, 0);\">步驟四：取得台電審迄圖並向台電簽訂躉購合約</span></a></span></p>\r\n\r\n<p><span style=\"font-size:16px;\"><a href=\"#步驟五：申請免請領雜項執照函\"><span style=\"color: rgb(255, 140, 0);\">步驟五：申請免請領雜項執照函</span></a></span></p>\r\n\r\n<p><span style=\"font-size:16px;\"><a href=\"#步驟六：太陽能硬體、軟體施工&amp;併網\"><span style=\"color: rgb(255, 140, 0);\">步驟六：太陽能硬體、軟體施工&amp;併網</span></a></span></p>\r\n\r\n<p><span style=\"font-size:16px;\"><a href=\"#步驟七：申請竣工備查及設備登記\"><span style=\"color: rgb(255, 140, 0);\">步驟七：申請竣工備查及設備登記</span></a></span></p>\r\n</div>\r\n\r\n<div>&nbsp;</div>\r\n\r\n<div>&nbsp;</div>\r\n\r\n<div><img alt=\"太陽能屋頂申請步驟一：評估周邊環境是否符合法規\" src=\"/upload/images/%E5%A4%AA%E9%99%BD%E8%83%BD%E5%B1%8B%E9%A0%82%E7%94%B3%E8%AB%8B%E7%AC%AC%E4%B8%80%E6%AD%A5%EF%BC%9A%E8%A9%95%E4%BC%B0%E5%91%A8%E9%82%8A%E7%92%B0%E5%A2%83%E6%98%AF%E5%90%A6%E7%AC%A6%E5%90%88%E6%B3%95%E8%A6%8F(1).jpg\" /></div>\r\n\r\n<div>&nbsp;</div>\r\n\r\n<h2><a id=\"步驟一：評估周邊環境是否符合法規\" name=\"步驟一：評估周邊環境是否符合法規\"></a></h2>\r\n\r\n<h2><span style=\"color:#FF8C00;\"><span style=\"font-size:20px;\">太陽能屋頂申請步驟一：評估周邊環境是否符合法規</span></span></h2>\r\n\r\n<div>&nbsp;</div>\r\n\r\n<div><span style=\"font-size:16px;\">太陽能屋頂申請的第一步是尋找專業的建置廠商，評估建築本身是否合法。</span></div>\r\n\r\n<div>&nbsp;</div>\r\n\r\n<div><span style=\"font-size:16px;\">案場評估牽涉到發電量、設計走線、與建築工法等專業判斷，千萬不能馬虎！</span></div>\r\n\r\n<div>&nbsp;</div>\r\n\r\n<div><span style=\"font-size:16px;\">在尋找合作廠商前，民眾可以從以下三點檢視自家屋頂狀況：</span></div>\r\n\r\n<div>&nbsp;</div>\r\n\r\n<div><span style=\"font-size:16px;\">1.<span style=\"white-space:pre\"> </span>建築合法性：太陽能系統需建置在合法建築上，不能有違建或增建設施，如：增建突出陽臺、鐵皮加蓋等。</span></div>\r\n\r\n<div>&nbsp;</div>\r\n\r\n<div><span style=\"font-size:16px;\">2.<span style=\"white-space:pre\"> </span>結構穩固：檢視建築物外觀是否有異常傾斜現象、屋頂表面水泥是否有裂縫，或混凝土大面積剝落、鋼筋外露等問題。</span></div>\r\n\r\n<div>&nbsp;</div>\r\n\r\n<div><span style=\"font-size:16px;\">3.<span style=\"white-space:pre\"> </span>無漏水狀況：細看屋頂是否有滲水的痕跡，常見的漏水位置有水塔下方，屋頂的水箱，排水孔，女兒牆、園藝造景，魚池等。</span></div>\r\n\r\n<div>&nbsp;</div>\r\n\r\n<div><span style=\"font-size:16px;\">太陽能屋頂評估推薦晁宇太陽能，給您最貼心的服務！由專業人員免費評估案場，依照您的需求規劃出效率最佳的太陽能系統。</span></div>\r\n\r\n<div>&nbsp;</div>\r\n\r\n<div><img alt=\"太陽能屋頂申請步驟二：向台電申請併聯審查\" src=\"/upload/images/%E4%BA%8C%E3%80%81%E5%A4%AA%E9%99%BD%E8%83%BD%E5%B1%8B%E9%A0%82%E7%94%B3%E8%AB%8B%E7%AC%AC%E4%BA%8C%E6%AD%A5%EF%BC%9A%E5%A4%AA%E9%99%BD%E8%83%BD%E6%96%87%E4%BB%B6%E7%94%B3%E8%AB%8B(1).jpg\" /></div>\r\n\r\n<h2><a id=\"步驟二：向台電申請併聯審查\" name=\"步驟二：向台電申請併聯審查\"></a></h2>\r\n\r\n<div>&nbsp;</div>\r\n\r\n<h2><span style=\"font-size:20px;\"><span style=\"color:#FF8C00;\">太陽能屋頂申請步驟二：向台電申請併聯審查</span></span></h2>\r\n\r\n<div>&nbsp;</div>\r\n\r\n<div><span style=\"font-size:16px;\">確定合作廠商後，接下來會備齊文件向各政府單位申請太陽能建置。併聯審查是申請太陽能系統連接到電網的重要程序，確保太陽能系統能安全且順利的連接到全民電網。</span></div>\r\n\r\n<div>&nbsp;</div>\r\n\r\n<div><span style=\"font-size:16px;\">此階段需要向台灣電力公司（台電）提交<u><a href=\"https://www.taipower.com.tw/upload/4419/2021033017181685309.pdf\"><span style=\"color:#0000FF;\">併聯審查申請表</span></a></u>，並提供所需的文件和資料，例如：系統配置圖、土地謄本、建物使用同意書等。一旦審查完成，台電會核發併聯審查意見書給民眾。</span></div>\r\n\r\n<div>&nbsp;</div>\r\n\r\n<div><a id=\"步驟三：向能源局申請同意備案\" name=\"步驟三：向能源局申請同意備案\"></a></div>\r\n\r\n<h2><span style=\"font-size:20px;\"><span style=\"color:#FF8C00;\">太陽能屋頂申請步驟三：向能源局申請同意備案</span></span></h2>\r\n\r\n<div>&nbsp;</div>\r\n\r\n<div><span style=\"font-size:16px;\">取得台電之併聯審查意見書後，一年內需向能源局申請同意備案，此階段是將您的太陽能系統資訊向<u><a href=\"https://www.moeaboe.gov.tw/ECW/populace/Law/Content.aspx?menu_id=1096\"><span style=\"color:#0000FF;\">能源局</span></a></u>登記的過程。您需要提交相關文件，例如：併聯審查意見書、配置詳細規格、設置位置和容量等資訊。</span></div>\r\n\r\n<p><span style=\"font-size:16px;\">能源局會計算廠商規劃的發電設備是否符合規範，一旦許可便會核發同意備案文件。</span></p>\r\n\r\n<div>&nbsp;</div>\r\n\r\n<div><a id=\"步驟四：取得台電審迄圖並向台電簽訂躉購合約\" name=\"步驟四：取得台電審迄圖並向台電簽訂躉購合約\"></a></div>\r\n\r\n<h2><span style=\"font-size:20px;\"><span style=\"color:#FF8C00;\">太陽能屋頂申請步驟四：取得台電審迄圖並向台電簽訂躉購合約</span></span></h2>\r\n\r\n<div>&nbsp;</div>\r\n\r\n<div><span style=\"font-size:16px;\">取得能源局核發之同意備案後，緊接著需取得台電審查完之「審迄圖」，若您打算將<strong>太陽能發電售電給台電</strong>，請特別注意要在取得同意備案函文後，「二個月內」與台電辦理躉購簽約，若未在兩個月內與台電簽約，同意備案函文將會失去效力。</span></div>\r\n\r\n<div>&nbsp;</div>\r\n\r\n<div><span style=\"font-size:16px;\">但如果是計劃將<strong>太陽能發電用於自家使用</strong>，而非售電，則「不需與台電簽訂躉購合約」，可以直接進入下一階段，申請太陽能施工所需的免請領雜項執照函。</span></div>\r\n\r\n<div>&nbsp;</div>\r\n\r\n<div>&nbsp;</div>\r\n\r\n<h2><a id=\"步驟五：申請免請領雜項執照函\" name=\"步驟五：申請免請領雜項執照函\"></a></h2>\r\n\r\n<h2><span style=\"color:#FF8C00;\"><span style=\"font-size:20px;\">太陽能屋頂申請步驟五：申請免請領雜項執照函</span></span></h2>\r\n\r\n<div>&nbsp;</div>\r\n\r\n<div><span style=\"font-size:16px;\">此階段為太陽光電系統依「<u><a href=\"https://www.moeaboe.gov.tw/ECW/populace/Law/Content.aspx?menu_id=1091\"><span style=\"color:#0000FF;\">設置再生能源設施免請領雜項執照標準</span></a></u>」第五條第一項規定，設置太陽光電發電設備，符合下列條件之一者，得免依建築法規定申請雜項執照：</span></div>\r\n\r\n<div>&nbsp;</div>\r\n\r\n<div><span style=\"font-size:16px;\">一、設置於建築物屋頂或露臺，包含支撐架並得結合新設頂蓋，其高度自屋頂面或露臺面起算四點五公尺以下。</span></div>\r\n\r\n<div>&nbsp;</div>\r\n\r\n<div><span style=\"font-size:16px;\">二、設置於屋頂突出物，包含支撐架並得結合新設頂蓋，其高度自屋頂突出物面起算一點五公尺以下。</span></div>\r\n\r\n<div>&nbsp;</div>\r\n\r\n<div><span style=\"font-size:16px;\">三、設置於地面，其高度自地面起算四點五公尺以下。但經目的事業主管機關核准者，包含支撐架並得結合新設頂蓋，其高度自地面起算九公尺以下。</span></div>\r\n\r\n<div>&nbsp;</div>\r\n\r\n<div><span style=\"font-size:16px;\">在取得同意備案後，將提供設備結構相關資料給結構技師進行簽證，符合以上條件之一者，應於設置前檢附所需之證明文件送所在地主管建築機關備查。</span></div>\r\n\r\n<div>&nbsp;</div>\r\n\r\n<div><img alt=\"太陽能屋頂申請步驟六：太陽能硬體、軟體施工&amp;併網\" src=\"/upload/images/%E4%B8%89%E3%80%81%E5%A4%AA%E9%99%BD%E8%83%BD%E5%B1%8B%E9%A0%82%E7%94%B3%E8%AB%8B%E7%AC%AC%E4%B8%89%E6%AD%A5%EF%BC%9A%E5%A4%AA%E9%99%BD%E8%83%BD%E7%A1%AC%E9%AB%94%E6%96%BD%E5%B7%A5%26%E4%BD%B5%E7%B6%B2(1).jpg\" /></div>\r\n\r\n<h2>&nbsp;</h2>\r\n\r\n<h2><a id=\"步驟六：太陽能硬體、軟體施工&amp;併網\" name=\"步驟六：太陽能硬體、軟體施工&amp;併網\"></a></h2>\r\n\r\n<h2><span style=\"color:#FF8C00;\"><span style=\"font-size:20px;\">太陽能屋頂申請步驟六：太陽能硬體、軟體施工&amp;併網</span></span></h2>\r\n\r\n<div>&nbsp;</div>\r\n\r\n<div><span style=\"font-size:16px;\">併網指的是將您的太陽能系統連接到台電電網的過程，在完成上述2～5項流程後，廠商即可以進行併網作業，安裝必要的電流感測器、逆變器、太陽能模組和其他相關設備，待現場設備皆已施工完成後，即可準備文件向台電報竣、安排掛表，將太陽能系統連接到當地的電網。</span></div>\r\n\r\n<div>&nbsp;</div>\r\n\r\n<div><img alt=\"太陽能屋頂申請步驟七：申請竣工備查及設備登記\" src=\"/upload/images/%E5%9B%9B%E3%80%81%E5%A4%AA%E9%99%BD%E8%83%BD%E5%B1%8B%E9%A0%82%E7%94%B3%E8%AB%8B%E7%AC%AC%E5%9B%9B%E6%AD%A5%EF%BC%9A%E8%A8%AD%E5%82%99%E7%99%BB%E8%A8%98(1).jpg\" /></div>\r\n\r\n<h2><a id=\"步驟七：申請竣工備查及設備登記\" name=\"步驟七：申請竣工備查及設備登記\"></a></h2>\r\n\r\n<h2><span style=\"color:#FF8C00;\"><span style=\"font-size:20px;\">太陽能屋頂申請步驟七：申請竣工備查及設備登記</span></span></h2>\r\n\r\n<div>&nbsp;</div>\r\n\r\n<div><span style=\"font-size:16px;\">依照台電審查之審迄圖完成太陽能系統安裝後，需再次向所在地主管建築機關申請太陽能系統的<u><a href=\"http://竣工查驗\"><span style=\"color:#0000FF;\">竣工查驗</span></a></u>。</span></div>\r\n\r\n<div>&nbsp;</div>\r\n\r\n<div><span style=\"font-size:16px;\">掛表完取得完成併聯文後，需向能源局申請設備登記，能源局將派遣專員進行現場查驗，並核發設備登記文件。</span></div>\r\n\r\n<div>&nbsp;</div>\r\n\r\n<div><span style=\"font-size:16px;\">注意：若是畜牧設施、農業設施、菇類栽培場&hellip;等，需額外向當地農業處申請屋頂附屬設置「綠能設施」，取得附屬綠能同意函文後，才能往下個階段申請設備登記。</span></div>\r\n\r\n<div>&nbsp;</div>\r\n\r\n<div>&nbsp;</div>\r\n\r\n<div><span style=\"font-size:16px;\">完成以上七個步驟後，太陽能設備就能合法運轉，開始享受太陽能發電帶來的好處啦！</span></div>\r\n\r\n<div>&nbsp;</div>\r\n\r\n<div><span style=\"font-size:16px;\">由於太陽能屋頂申請流程繁瑣，需要耗費大約 10 個月的時間，許多有意安裝太陽能板的民眾，都會尋求專業廠商協助文件申請。</span></div>\r\n\r\n<div>&nbsp;</div>\r\n\r\n<div><span style=\"font-size:16px;\">晁宇太陽能擁有多年的文件送審與太陽能建置經驗，幫您把關每個的申請流程細節，降低申請過期跟漏缺文件的風險！</span></div>\r\n\r\n<div>&nbsp;</div>\r\n\r\n<div><span style=\"font-size:16px;\">您有閒置的屋頂空間嗎？晁宇科技邀請您～一起種綠電，領回饋</span></div>\r\n\r\n<div><span style=\"font-size:16px;\">為閒置做點建置，產生的綠電能源也能為地球盡一份心力！</span></div>\r\n\r\n<p><span style=\"font-size:16px;\">-----------------------</span></p>\r\n\r\n<p><br />\r\n<span style=\"font-size:16px;\">晁宇科技｜您的綠色收益專家<br />\r\n➭ 評估專線：05-6326696</span></p>\r\n\r\n<p><span style=\"font-size:16px;\">➭ 客服信箱：chaoyux520@gmail.com</span></p>\r\n\r\n<p><span style=\"font-size:16px;\">➭ 專員連繫：<a href=\"http://line.me/R/ti/p/@877ohibh\">官方LINE</a></span></p>\r\n\r\n<p><br />\r\n<span style=\"font-size:16px;\">-----------------------</span></p>\r\n\r\n<p dir=\"ltr\" style=\"line-height: 1.38; margin-top: 0pt; margin-bottom: 0pt;\"><span style=\"font-size:16px;\"><strong><span style=\"color: rgb(255, 140, 0);\">查看更多文章：</span></strong></span></p>\r\n\r\n<p dir=\"ltr\" style=\"line-height: 1.38; margin-top: 0pt; margin-bottom: 0pt;\">&nbsp;</p>\r\n\r\n<p style=\"line-height: 1.38; margin-top: 0pt; margin-bottom: 0pt;\"><span style=\"font-size:16px;\"><a href=\"https://chaoyu.wagikgdemo.com.tw/index.php?action=knowledge_detail&amp;id=9\">太陽能屋頂出租指南：新戶必知的出租條件、收入、發電量！</a></span></p>\r\n\r\n<p><span style=\"font-size:16px;\"><a href=\"https://chaoyu.wagikgdemo.com.tw/index.php?action=knowledge_detail&amp;id=10\">屋頂裝太陽能板好嗎？聽說有害？分析太陽能優缺點與常見QA</a></span></p>\r\n\r\n<p><span style=\"font-size:16px;\"><a href=\"https://chaoyu.wagikgdemo.com.tw/index.php?action=knowledge_detail&amp;id=15\">太陽能租金收入如何計算？2大公式計算發電量、回饋金收益！</a></span></p>\r\n\r\n<p><span style=\"font-size:16px;\"><a href=\"https://chaoyu.wagikgdemo.com.tw/index.php?action=knowledge_detail&amp;id=17\">​太陽能類型有哪些？三分鐘了解屋頂型、地面型建置優缺點！</a></span></p>\r\n', 'upload/picfile/2023/08/20230810181038474.jpg', '太陽能屋頂申請懶人包：四步驟解析申請關鍵，一次成功不卡關', NULL, '2023-07-20', 4, 1, 0),
(17, 1, '太陽能類型有哪些？三分鐘了解屋頂型、地面型建置優缺點！', '本文將帶您在三分鐘內掌握太陽能光電的基本概念，解析屋頂型和地面型太陽能的優缺點！', '<p><span style=\"font-size:16px;\">太陽能正逐漸嶄露頭角，近日政府通過「再生能源發展條例修正案」，規定新建、增建或改建達一定規模者，</span></p>\r\n\r\n<p><span style=\"font-size:16px;\">除有日光條件不足或其他情形外，起造人（建築物所有人）應設置一定裝置容量以上的太陽發電設備。</span></p>\r\n\r\n<p><span style=\"font-size:16px;\">本文將帶您在三分鐘內掌握太陽能光電的基本概念，解析屋頂型和地面型太陽能的優缺點！</span></p>\r\n\r\n<p>&nbsp;</p>\r\n\r\n<p><span style=\"font-family: 微軟正黑體, &quot;Microsoft JhengHei&quot;, Arial, Helvetica, sans-serif;\">在這篇文章中我們將會介紹：</span></p>\r\n\r\n<p><a href=\"#一、太陽能光電是什麼？有哪些類型？\"><span style=\"color: rgb(255, 140, 0);\">一、太陽能光電是什麼？有哪些類型？</span></a></p>\r\n\r\n<p><a href=\"#二、屋頂型太陽能光電設施\"><span style=\"color: rgb(255, 140, 0);\">二、屋頂型太陽能光電設施</span></a></p>\r\n\r\n<p><a href=\"#三、地面型太陽光電設施\"><span style=\"color: rgb(255, 140, 0);\">三、地面型太陽光電設施</span></a></p>\r\n\r\n<p><a href=\"#四、屋頂型太陽能設置推薦：晁宇太陽能\"><span style=\"color: rgb(255, 140, 0);\">四、屋頂型太陽能設置推薦：晁宇太陽能</span></a></p>\r\n\r\n<p>&nbsp;</p>\r\n\r\n<p><a id=\"一、太陽能光電是什麼？有哪些類型？\" name=\"一、太陽能光電是什麼？有哪些類型？\"></a><img alt=\"太陽能光電是什麼？有哪些類型？\" src=\"/upload/images/%E4%B8%80%E3%80%81%E5%A4%AA%E9%99%BD%E8%83%BD%E5%85%89%E9%9B%BB%E6%98%AF%E4%BB%80%E9%BA%BC%EF%BC%9F%E6%9C%89%E5%93%AA%E4%BA%9B%E9%A1%9E%E5%9E%8B%EF%BC%9F.jpg\" /></p>\r\n\r\n<h2><span style=\"font-size:20px;\"><span style=\"color:#FF8C00;\">一、太陽能光電是什麼？有哪些類型？</span></span></h2>\r\n\r\n<p><span style=\"font-size:16px;\">太陽能光電是一種利用太陽能轉換為電能的技術，其中的核心組件是太陽能光電板，也被稱為｢太陽能模組」或「太陽能電池」。</span></p>\r\n\r\n<p><span style=\"font-size:16px;\">太陽能光電板的原理是光電效應，當陽光照射到光電板上時，光子就會激發出電子，產生電流。因此，只要光線充足，太陽能光電板就能持續產生電力。</span></p>\r\n\r\n<p><span style=\"font-size:16px;\">太陽光電轉換技術是台灣再生能源的主力，根據<a href=\"https://www.re.org.tw/information/statistics_more.aspx?id=6144\">111年經濟部能源局統計</a>，太陽能發電量佔總再生能源發電量的 44%，穩坐再生能源發電第一名，</span></p>\r\n\r\n<p><span style=\"font-size:16px;\">同年更首次超越核能發電量！隨著技術的成熟，太陽能光電系統的效率不斷提高，成本也不斷下降，有效減少對傳統能源的依賴。</span></p>\r\n\r\n<p><span style=\"font-size:16px;\">在太陽能光電系統的建置方式中，屋頂型和地面型是最常見的兩種。</span></p>\r\n\r\n<p>&nbsp;</p>\r\n\r\n<p><span style=\"font-size:16px;\"><strong><span style=\"color:#FF8C00;\">屋頂型太陽</span></strong>能設施通常在建築物的屋頂上安裝光電板，充分利用建築物的空間，不佔用地面面積。</span></p>\r\n\r\n<p><span style=\"font-size:16px;\">這種建置方式適合於有足夠陽光照射的地區，可以將長時間日照轉換為電能供應使用。</span></p>\r\n\r\n<p>&nbsp;</p>\r\n\r\n<p><span style=\"font-size:16px;\"><strong><span style=\"color:#FF8C00;\">地面型太陽</span></strong>能設施則是將光電板安置在地面上，</span></p>\r\n\r\n<p><span style=\"font-size:16px;\">只需要一塊平坦的土地面積，適合建置在郊區，發展大型的太陽能發電所。</span></p>\r\n\r\n<p>&nbsp;</p>\r\n\r\n<p><a id=\"二、屋頂型太陽能光電設施\" name=\"二、屋頂型太陽能光電設施\"></a><img alt=\"屋頂型太陽能光電設施\" src=\"/upload/images/%E4%BA%8C%E3%80%81%E5%B1%8B%E9%A0%82%E5%9E%8B%E5%A4%AA%E9%99%BD%E8%83%BD%E5%85%89%E9%9B%BB%E8%A8%AD%E6%96%BD.jpg\" /></p>\r\n\r\n\r\n\r\n<h2><span style=\"font-size:20px;\"><span style=\"color:#FF8C00;\">二、屋頂型太陽能光電設施</span></span></h2>\r\n\r\n<p><span style=\"font-size:16px;\">屋頂型太陽能又分為「平舖式」和「棚架型」，以下將介紹設置特點、適合的安裝場域以及優缺點。</span></p>\r\n\r\n<p><span style=\"font-size:16px;\"><strong><span style=\"color:#FF8C00;\">平舖式</span></strong>是將太陽能光電板直接平放在屋頂表面上的設置方式。這種方式適合有斜屋頂、浪板屋頂的建築物。</span></p>\r\n\r\n<p><span style=\"font-size:16px;\">平鋪式的優點是安裝簡單且設置成本較低，可以最大化利用屋頂空間。不過，平舖式設置方式可能受到陰影的影響，</span></p>\r\n\r\n<p><span style=\"font-size:16px;\">導致發電效率下降。因此，在選擇平舖式設置時，需要確保屋頂的陰影影響最小化。</span></p>\r\n\r\n\r\n\r\n<p><span style=\"font-size:16px;\">另一種屋頂型設置方式是棚架型，通常是將光電板傾斜安裝在特殊的支架或框架上。</span></p>\r\n\r\n<p><span style=\"font-size:16px;\"><strong><span style=\"color:#FF8C00;\">棚架型</span></strong>適合屋頂有一定傾斜度或向陽方位較好的建築物。</span></p>\r\n\r\n<p><span style=\"font-size:16px;\">棚架型設置可以提高光照接收效率，並能有效降低陰影對系統的影響。然而，相對於平舖式，棚架型的安裝成本較高，需要額外的支撐結構。</span></p>\r\n\r\n<p>&nbsp;</p>\r\n\r\n<p><a id=\"三、地面型太陽光電設施\" name=\"三、地面型太陽光電設施\"></a><img alt=\"地面型太陽光電設施\" src=\"/upload/images/%E5%9C%B0%E9%9D%A2%E5%9E%8B%E5%A4%AA%E9%99%BD%E5%85%89%E9%9B%BB%E8%A8%AD%E6%96%BD.jpg\" /></p>\r\n\r\n<p>&nbsp;</p>\r\n\r\n<h2><span style=\"font-size:20px;\"><span style=\"color:#FF8C00;\">三、地面型太陽光電設施</span></span></h2>\r\n\r\n<p><span style=\"font-size:16px;\">地面型太陽光電是以架高方式設置於陸地的太陽能光電系統，分為「固定式」和「追日式」。</span></p>\r\n\r\n<p><span style=\"font-size:16px;\">常見的建置場域有事業用地、工業用地、建築用地等，或是不利耕作的土地，讓土地長時間的休養後再利用。</span></p>\r\n\r\n<p>&nbsp;</p>\r\n\r\n<p><span style=\"font-size:16px;\">相對於屋頂型，台灣的地面型太陽能較少見，主要原因是用地法規嚴格、申請不易。</span></p>\r\n\r\n<p><span style=\"font-size:16px;\">設置地面型之前，案場要符合該區域（都市內或非都市內）的「用地」與「使用分區」標準，才能進一步申請地面型太陽能。</span></p>\r\n\r\n<p>&nbsp;</p>\r\n\r\n<p><span style=\"font-size:16px;\"><span style=\"color:#FF8C00;\"><strong>固定式</strong></span>是將光電板安裝在固定的支撐結構上，面板傾斜接收日光。固定式的優點是安裝簡單且架構牢固。</span></p>\r\n\r\n<p><span style=\"font-size:16px;\">然而，固定式設備無法隨著太陽的位置變化而調整傾斜角度，可能會導致發電效率略低。</span></p>\r\n\r\n<p>&nbsp;</p>\r\n\r\n<p><span style=\"font-size:16px;\">另一種地面型是<span style=\"color:#FF8C00;\"><strong>追日式</strong></span>，它利用特殊的追蹤系統，使光電板能夠跟隨太陽的運動而自動調整傾斜角度和方向。</span></p>\r\n\r\n<p><span style=\"font-size:16px;\">這種設置方式適用於需要最大化光照接收的場域，尤其是在日照時間較短或陰影較多的地區。追日式設置可以提高發電效率，</span></p>\r\n\r\n<p><span style=\"font-size:16px;\">但相對於固定式，它的設置成本較高，並需要更複雜的控制系統。</span></p>\r\n\r\n<p>&nbsp;</p>\r\n\r\n<p><a id=\"四、屋頂型太陽能設置推薦：晁宇太陽能\" name=\"四、屋頂型太陽能設置推薦：晁宇太陽能\"></a><img alt=\"四、屋頂型太陽能設置推薦：晁宇太陽能\" src=\"/upload/images/%E5%9B%9B%E3%80%81%E5%B1%8B%E9%A0%82%E5%9E%8B%E5%A4%AA%E9%99%BD%E8%83%BD%E8%A8%AD%E7%BD%AE%E6%8E%A8%E8%96%A6%EF%BC%9A%E6%99%81%E5%AE%87%E5%A4%AA%E9%99%BD%E8%83%BD.jpg\" /></p>\r\n\r\n<p>&nbsp;</p>\r\n\r\n<h2><span style=\"font-size:20px;\"><span style=\"color:#FF8C00;\">四、屋頂型太陽能設置推薦：晁宇太陽能</span></span></h2>\r\n\r\n<p><span style=\"font-size:16px;\">晁宇太陽能在屋頂型太陽能設置方面具備多年業界經驗，使用的建材和施工品質比一般市面業者更優越有保障。</span></p>\r\n\r\n<p><span style=\"font-size:16px;\">每個安裝太陽能的屋頂都配有即時監控系統，以便掌握每日的發電效能和現場狀況，讓您能安心蓄電收租。</span></p>\r\n\r\n<p><span style=\"font-size:16px;\">晁宇太陽能非常注重防漏水問題，堅持以最高品質安裝系統。在施工過程中，採取多道防漏水措施，以矽利康封邊，</span></p>\r\n\r\n<p><span style=\"font-size:16px;\">再塗上一層防水漆，確保建物能穩定接收 20 年的太陽光電。</span></p>\r\n\r\n<p><br />\r\n<span style=\"font-size:16px;\">您有閒置的屋頂空間嗎？晁宇科技邀請您～一起種綠電，領回饋</span></p>\r\n\r\n<p><span style=\"font-size:16px;\">為閒置做點建置，產生的綠電能源也能為地球盡一份心力！</span></p>\r\n\r\n<p><span style=\"font-size:16px;\">-----------------------</span></p>\r\n\r\n<p><br />\r\n<span style=\"font-size:16px;\">晁宇科技｜您的綠色收益專家</span></p>\r\n\r\n<p><br />\r\n<span style=\"font-size:16px;\">➭ 評估專線：05-6326696</span></p>\r\n\r\n<p><span style=\"font-size:16px;\">➭ 客服信箱：chaoyux520@gmail.com</span></p>\r\n\r\n<p><span style=\"font-size:16px;\">➭ 專員連繫：<a href=\"http://line.me/R/ti/p/@877ohibh\">官方LINE</a></span></p>\r\n\r\n<p><br />\r\n<span style=\"font-size:16px;\">-----------------------</span></p>\r\n\r\n<p dir=\"ltr\" style=\"line-height: 1.38; margin-top: 0pt; margin-bottom: 0pt;\">&nbsp;</p>\r\n\r\n<p dir=\"ltr\" style=\"line-height: 1.38; margin-top: 0pt; margin-bottom: 0pt;\"><span style=\"font-size:16px;\"><strong><span style=\"color:#FF8C00;\">查看更多文章：</span></strong></span></p>\r\n\r\n<p dir=\"ltr\" style=\"line-height: 1.38; margin-top: 0pt; margin-bottom: 0pt;\">&nbsp;</p>\r\n\r\n<p style=\"line-height: 1.38; margin-top: 0pt; margin-bottom: 0pt;\"><span style=\"font-size:16px;\"><a href=\"https://chaoyu.wagikgdemo.com.tw/index.php?action=knowledge_detail&amp;id=9\">太陽能屋頂出租指南：新戶必知的出租條件、收入、發電量！</a></span></p>\r\n\r\n<p><span style=\"font-size:16px;\"><a href=\"https://chaoyu.wagikgdemo.com.tw/index.php?action=knowledge_detail&amp;id=10\">屋頂裝太陽能板好嗎？聽說有害？分析太陽能優缺點與常見QA</a></span></p>\r\n\r\n<p><span style=\"font-size:16px;\"><a href=\"https://chaoyu.wagikgdemo.com.tw/index.php?action=knowledge_detail&amp;id=15\">太陽能租金收入如何計算？2大公式計算發電量、回饋金收益！</a></span></p>\r\n\r\n<p><span style=\"font-size:16px;\"><a href=\"https://chaoyu.wagikgdemo.com.tw/index.php?action=knowledge_detail&amp;id=16\">太陽能屋頂申請懶人包：七步驟解析申請關鍵，一次成功不卡關</a></span></p>\r\n', 'upload/picfile/2023/07/20230720155624161.jpg', '太陽能類型有哪些？三分鐘了解屋頂型、地面型建置優缺點！', NULL, '2023-07-20', 5, 1, 0),
(15, 1, '太陽能租金收入如何計算？2大公式計算發電量、回饋金收益！', '在出租之前，您知道自家屋頂發電量如何計算嗎？每年租金是多少？', '<p><span style=\"font-size:16px;\">台灣夏天陽光充足、日照時間長，越來越多民眾選擇將閒置屋頂出租，蓋太陽能發電系統，每年賺取固定的租金。</span></p>\r\n\r\n<p><span style=\"font-size:16px;\">不過，在出租之前，您知道自家屋頂發電量如何計算嗎？每年租金是多少？以下將用帶您用公式，試算年發電量與太陽能租金收入！</span></p>\r\n\r\n<p>&nbsp;</p>\r\n\r\n<p><span style=\"font-family: 微軟正黑體, &quot;Microsoft JhengHei&quot;, Arial, Helvetica, sans-serif;\">在這篇文章中我們將會介紹：</span></p>\r\n\r\n<p><a href=\"#一、太陽能租金收入計算\"><span style=\"color: rgb(255, 140, 0);\">一、太陽能租金收入計算</span></a></p>\r\n\r\n<p><a href=\"#二、太陽能回饋金是什麼？百分比是多少？\"><span style=\"color: rgb(255, 140, 0);\">二、太陽能回饋金是什麼？百分比是多少？</span></a></p>\r\n\r\n<p><a href=\"#三、如何增加太陽能租金收入？\"><span style=\"color: rgb(255, 140, 0);\">三、如何增加太陽能租金收入？</span></a></p>\r\n\r\n<p><a href=\"#四、屋頂出租選擇晁宇太陽能，安全施作有保障！\"><span style=\"color: rgb(255, 140, 0);\">四、屋頂出租選擇晁宇太陽能，安全施作有保障！</span></a></p>\r\n\r\n<p><a id=\"一、太陽能租金收入計算\" name=\"一、太陽能租金收入計算\"></a><img alt=\"太陽能租金收入計算\" src=\"/upload/images/%E5%A4%AA%E9%99%BD%E8%83%BD%E7%A7%9F%E9%87%91%E6%94%B6%E5%85%A5%E8%A8%88%E7%AE%97.jpg\" /></p>\r\n\r\n<p><span style=\"color:#FF8C00;\"><span style=\"font-size:20px;\">一、太陽能租金收入計算</span></span></p>\r\n\r\n<p><span style=\"font-size:16px;\">太陽能租金收入多寡取決於「太陽能板發電量」與「該年的躉售費率」。躉售費率可以從<a href=\"https://www.moeaboe.gov.tw/ECW/populace/news/News.aspx?kind=1&amp;menu_id=41&amp;news_id=25019\">經濟部網站</a>查到，太陽能板的發電量則比較複雜，</span></p>\r\n\r\n<p><span style=\"font-size:16px;\">牽涉到能量單位（瓦），要費點心思計算跟了解基本名詞。</span></p>\r\n\r\n<p><span style=\"font-size:16px;\">計算年發電量，必須先取得安裝屋頂坪數、太陽能板裝置容量、太陽能版尺寸、該縣市的年發電量等四項資訊。</span></p>\r\n\r\n<p><span style=\"font-size:16px;\">1.安裝屋頂坪數：屋頂坪數影響太陽能板的安裝數量和佈局，坪數越大，表示能安裝的太陽能板片數就越多，<br />\r\n間接帶來更多發電量與收入。建議先測量屋頂面積的長寬平方公尺，才能計算出總坪數。</span><br />\r\n&nbsp;</p>\r\n\r\n<p><span style=\"font-size:16px;\">2.太陽能板裝置容量：裝置容量指的是每片太陽能板的最大發電能力，常以瓦（W）或千瓦（kW）來表示。<br />\r\n每片太陽能板的裝置容量，通常是介於 345W～380W。</span><br />\r\n&nbsp;</p>\r\n\r\n<p><span style=\"font-size:16px;\">3.太陽能版尺寸：常見太陽能板的長寬尺寸為 1038 mm*1755 mm，面積約 0.5 坪數，1坪可裝兩片太陽能板。</span><br />\r\n&nbsp;</p>\r\n\r\n<p><span style=\"font-size:16px;\">4.該縣市的每發電量：依據自家所在縣市，查詢<a href=\"https://www.taipower.com.tw/tc/page.aspx?mid=207&amp;cid=165&amp;cchk=a83cd635-a792-4660-9f02-f71d5d925911#b02\">111年各縣市太陽光電容量因數</a>的每千瓦（度）。</span></p>\r\n\r\n<p><br />\r\n&nbsp;</p>\r\n\r\n<p><span style=\"font-size:16px;\">了解基本名詞後，就可以用以下兩大公式算出年收入啦！</span></p>\r\n\r\n<h3><span style=\"font-size:16px;\"><strong>公式1：每年發電量 = （片數 &times; 單一太陽能板裝置容量）&times; 每年產生度數</strong></span></h3>\r\n\r\n<p><span style=\"font-size:16px;\">【太陽能售電收入計算範例】<br />\r\n以居住於新北市的林先生為例，欲出租 50 坪的屋頂參與太陽能售電。能夠安裝的太陽能板片數是 100 片（50&times;2），</span></p>\r\n\r\n<p><span style=\"font-size:16px;\">用常見的單一太陽能板 370W 裝置容量來計算，便可得知每屋頂的裝置容量為 37,000W（370W &times; 100）。</span></p>\r\n\r\n<p><span style=\"font-size:16px;\">根據去年 <a href=\"https://www.taipower.com.tw/tc/page.aspx?mid=207&amp;cid=165&amp;cchk=a83cd635-a792-4660-9f02-f71d5d925911#b02\">111 年新北市的太陽光電容量因數</a>，每瓩可生產 1,096 度，因此他的裝置容量 37 瓩每年可生產的電量為 37 瓩 &times; 1,096 度 = 40,552 度。</span></p>\r\n\r\n<p>&nbsp;</p>\r\n\r\n<h3><span style=\"font-size:16px;\"><strong>公式2：每年賣電租金收入 = 每年發電量 &times; 躉售費率</strong></span></h3>\r\n\r\n<p><span style=\"font-size:16px;\">【太陽能售電收入計算範例】<br />\r\n林先生符合一般民眾的條件，且裝置容量介於 20 瓩至 100 瓩之間。根據<a href=\"https://gazette.nat.gov.tw/EG_FileManager/eguploadpub/eg029004/ch04/type1/gov31/num6/images/Eg01.pdf\"> 112 年費率</a>（如下表），</span></p>\r\n\r\n<p><span style=\"font-size:16px;\">上半年的躉購費率為 4.4861 元/度，下半年的躉購費率為 4.3864 元/度，粗估整年度的躉購費率為 4.43625 元/度。</span></p>\r\n\r\n<p><span style=\"font-size:16px;\">根據此計算，林先生每年的售電收入為 40,552 度 * 4.43625 &asymp; 179,898 元。</span></p>\r\n\r\n<p>&nbsp;</p>\r\n\r\n<p><img alt=\"每年賣電租金表格\" src=\"/upload/images/%E6%AF%8F%E5%B9%B4%E8%B3%A3%E9%9B%BB%E7%A7%9F%E9%87%91%E8%A1%A8%E6%A0%BC.jpg\" /></p>\r\n\r\n<p><span style=\"font-size:16px;\">不過要特別注意的是，出租太陽能板的收入<strong>不等於</strong>自架太陽能系統售電的收入，還要乘以一定比例的回饋金。</span></p>\r\n\r\n<p><span style=\"font-size:16px;\">下段將介紹出租戶必懂的回饋金制度！</span></p>\r\n\r\n<p><a id=\"二、太陽能回饋金是什麼？百分比是多少？\" name=\"二、太陽能回饋金是什麼？百分比是多少？\"></a><img alt=\"太陽能回饋金是什麼？百分比是多少？\" src=\"/upload/images/%E5%A4%AA%E9%99%BD%E8%83%BD%E5%9B%9E%E9%A5%8B%E9%87%91%E6%98%AF%E4%BB%80%E9%BA%BC%EF%BC%9F%E7%99%BE%E5%88%86%E6%AF%94%E6%98%AF%E5%A4%9A%E5%B0%91%EF%BC%9F.jpg\" /></p>\r\n\r\n<h2>&nbsp;</h2>\r\n\r\n<h2><span style=\"color:#FF8C00;\"><span style=\"font-size:20px;\">二、太陽能回饋金是什麼？百分比是多少？</span></span></h2>\r\n\r\n<p><span style=\"font-size:16px;\">太陽能租金回饋是政府為鼓勵全電綠電，針對出租屋頂建置太陽能的民眾，提供一定比例的回饋金獎勵機制。</span></p>\r\n\r\n<p><span style=\"font-size:16px;\">回饋金常以%計算，常見為總售電收入的10%，回饋金的計算公式如下：</span></p>\r\n\r\n<h3><span style=\"font-size:16px;\"><strong>回饋金=售電收入(元)&times;回饋金百分比(％)</strong></span></h3>\r\n\r\n<p><br />\r\n<span style=\"font-size:16px;\">【太陽能租金收入計算範例】<br />\r\n林先生每年的售電收入為 179,898 元，若改變主意出租自家屋頂，則可以每年獲得 179,898 元 * 10% &asymp; 17,989 回饋金。</span></p>\r\n\r\n<p><span style=\"font-size:16px;\">注意：回饋金都常由太陽能公司自訂，會依⾯積不同與施⼯困難程度調整比例，若想了解租金收益，建議進一步諮詢。</span></p>\r\n\r\n<p><a id=\"三、如何增加太陽能租金收入？\" name=\"三、如何增加太陽能租金收入？\"></a><img alt=\"如何增加太陽能租金收入？\" src=\"/upload/images/%E5%A6%82%E4%BD%95%E5%A2%9E%E5%8A%A0%E5%A4%AA%E9%99%BD%E8%83%BD%E7%A7%9F%E9%87%91%E6%94%B6%E5%85%A5%EF%BC%9F(1).jpg\" /></p>\r\n\r\n<p>&nbsp;</p>\r\n\r\n<h2><span style=\"color:#FF8C00;\"><span style=\"font-size:20px;\">三、如何增加太陽能租金收入？</span></span></h2>\r\n\r\n<p><span style=\"font-size:16px;\">想要提升太陽能租金收入，可以考慮以下三個策略：</span></p>\r\n\r\n<h3><span style=\"font-size:16px;\"><strong>1.選擇效能好的太陽能模組</strong></span></h3>\r\n\r\n<p><span style=\"font-size:16px;\">優秀的太陽能模組具有更高的轉換效率，在相同的光照條件下產生更多的電力。初期選擇太陽能板時，可以多方比較不同模組的效能指標，</span></p>\r\n\r\n<p><span style=\"font-size:16px;\">挑選具有高效能的模組，來提高系統的發電量，增加租金收入。</span></p>\r\n\r\n<h3><span style=\"font-size:16px;\"><strong>2.選擇發電量高的地區設置太陽能</strong></span></h3>\r\n\r\n<p><span style=\"font-size:16px;\">在選擇安裝太陽能系統的位置時，也可以考慮能產生較多發電量的地區，以最大化租金收入。</span></p>\r\n\r\n<h3><span style=\"font-size:16px;\"><strong>3.大面積增設太陽能</strong></span></h3>\r\n\r\n<p><span style=\"font-size:16px;\">如果有更多的空間可供安裝太陽能板，就可以增加系統的規模和發電能力。對於透天型的屋頂太陽能，可以考慮跟厝邊鄰居商討論一起投資太陽能，增加施作範圍。</span></p>\r\n\r\n<p>&nbsp;</p>\r\n\r\n<p><a id=\"四、屋頂出租選擇晁宇太陽能，安全施作有保障！\" name=\"四、屋頂出租選擇晁宇太陽能，安全施作有保障！\"></a><img alt=\"屋頂出租選擇晁宇太陽能，安全施作有保障\" src=\"/upload/images/%E5%B1%8B%E9%A0%82%E5%87%BA%E7%A7%9F%E9%81%B8%E6%93%87%E6%99%81%E5%AE%87%E5%A4%AA%E9%99%BD%E8%83%BD%EF%BC%8C%E5%AE%89%E5%85%A8%E6%96%BD%E4%BD%9C%E6%9C%89%E4%BF%9D%E9%9A%9C.jpg\" /></p>\r\n\r\n<p>&nbsp;</p>\r\n\r\n<h2><span style=\"color:#FF8C00;\"><span style=\"font-size:20px;\">四、屋頂出租選擇晁宇太陽能，安全施作有保障！</span></span></h2>\r\n\r\n<p><span style=\"font-size:16px;\">您正在尋找可靠的太陽能系統供應商嗎？推薦晁宇太陽能服務！我們保證發電量，提供即時監控，並擁有25年功率保證的光電模組。</span></p>\r\n\r\n<p><span style=\"font-size:16px;\">專業團隊為您設計規劃，讓您輕鬆出租屋頂並獲得穩定回報。立即聯繫我們，收取穩定有保障的太陽能租金收入，迎接可持續能源的未來！</span></p>\r\n\r\n<p><span style=\"font-size:16px;\">您有閒置的屋頂空間嗎？晁宇科技邀請您～一起種綠電，領回饋</span></p>\r\n\r\n<p>&nbsp;</p>\r\n\r\n<p><span style=\"font-size:16px;\">-----------------------</span></p>\r\n\r\n<p><br />\r\n<span style=\"font-size:16px;\">晁宇科技｜您的綠色收益專家</span></p>\r\n\r\n<p><br />\r\n<span style=\"font-size:16px;\">➭ 評估專線：05-6326696</span></p>\r\n\r\n<p><span style=\"font-size:16px;\">➭ 客服信箱：chaoyux520@gmail.com</span></p>\r\n\r\n<p><span style=\"font-size:16px;\">➭ 專員連繫：<a href=\"http://line.me/R/ti/p/@877ohibh\">官方LINE</a></span></p>\r\n\r\n<p><br />\r\n<span style=\"font-size:16px;\">-----------------------</span></p>\r\n\r\n<p dir=\"ltr\" style=\"line-height: 1.38; margin-top: 0pt; margin-bottom: 0pt;\">&nbsp;</p>\r\n\r\n<p dir=\"ltr\" style=\"line-height: 1.38; margin-top: 0pt; margin-bottom: 0pt;\"><span style=\"font-size:16px;\"><strong><span style=\"color: rgb(255, 140, 0);\">查看更多文章：</span></strong></span></p>\r\n\r\n<p dir=\"ltr\" style=\"line-height: 1.38; margin-top: 0pt; margin-bottom: 0pt;\">&nbsp;</p>\r\n\r\n<p style=\"line-height: 1.38; margin-top: 0pt; margin-bottom: 0pt;\"><span style=\"font-size:16px;\"><a href=\"https://chaoyu.wagikgdemo.com.tw/index.php?action=knowledge_detail&amp;id=9\">太陽能屋頂出租指南：新戶必知的出租條件、收入、發電量！</a></span></p>\r\n\r\n<p><span style=\"font-size:16px;\"><a href=\"https://chaoyu.wagikgdemo.com.tw/index.php?action=knowledge_detail&amp;id=10\">屋頂裝太陽能板好嗎？聽說有害？分析太陽能優缺點與常見QA</a></span></p>\r\n\r\n<p><span style=\"font-size:16px;\"><a href=\"https://chaoyu.wagikgdemo.com.tw/index.php?action=knowledge_detail&amp;id=16\">太陽能屋頂申請懶人包：七步驟解析申請關鍵，一次成功不卡關</a></span></p>\r\n\r\n<p><span style=\"font-size:16px;\"><a href=\"https://chaoyu.wagikgdemo.com.tw/index.php?action=knowledge_detail&amp;id=17\">​太陽能類型有哪些？三分鐘了解屋頂型、地面型建置優缺點！</a></span></p>\r\n', 'upload/picfile/2023/07/20230720111905906.jpg', '太陽能租金收入如何計算？2大公式計算發電量、回饋金收益！', NULL, '2023-07-20', 3, 1, 0);

-- --------------------------------------------------------

--
-- 資料表結構 `_web_blog_group`
--

CREATE TABLE `_web_blog_group` (
  `id` int NOT NULL,
  `title` varchar(255) CHARACTER SET utf8mb3 COLLATE utf8mb3_unicode_ci NOT NULL,
  `sort` int DEFAULT '100',
  `is_show` int DEFAULT '1'
) ENGINE=InnoDB DEFAULT CHARSET=utf8mb3 COLLATE=utf8mb3_unicode_ci;

--
-- 傾印資料表的資料 `_web_blog_group`
--

INSERT INTO `_web_blog_group` (`id`, `title`, `sort`, `is_show`) VALUES
(1, '知識學堂', 100, 1);

-- --------------------------------------------------------

--
-- 資料表結構 `_web_case`
--

CREATE TABLE `_web_case` (
  `id` int NOT NULL,
  `product_code` varchar(50) DEFAULT NULL,
  `category_id` int DEFAULT NULL COMMENT '分類ID',
  `category_id2` int DEFAULT NULL,
  `title` varchar(255) DEFAULT NULL COMMENT '標題',
  `title2` varchar(255) DEFAULT NULL,
  `description` longtext CHARACTER SET utf8mb3 COLLATE utf8mb3_general_ci COMMENT '簡介',
  `content` longtext CHARACTER SET utf8mb3 COLLATE utf8mb3_general_ci COMMENT '內容',
  `hidden_keyword` varchar(255) DEFAULT NULL,
  `newsdt` varchar(20) CHARACTER SET utf8mb3 COLLATE utf8mb3_general_ci DEFAULT NULL,
  `pic` varchar(255) DEFAULT NULL COMMENT '列表圖片',
  `pic2` varchar(255) DEFAULT NULL,
  `pic_title` varchar(255) DEFAULT NULL,
  `img_text` varchar(255) DEFAULT NULL,
  `sort` int NOT NULL DEFAULT '100' COMMENT '排序',
  `is_show` tinyint NOT NULL COMMENT '是否啟用',
  `is_top` tinyint(1) NOT NULL DEFAULT '0' COMMENT '設定至首頁',
  `is_about` int DEFAULT '0',
  `update_time` datetime DEFAULT CURRENT_TIMESTAMP ON UPDATE CURRENT_TIMESTAMP
) ENGINE=MyISAM DEFAULT CHARSET=utf8mb3;

-- --------------------------------------------------------

--
-- 資料表結構 `_web_case_banner`
--

CREATE TABLE `_web_case_banner` (
  `id` int NOT NULL,
  `name` varchar(255) CHARACTER SET utf8mb3 COLLATE utf8mb3_general_ci DEFAULT NULL,
  `title` text CHARACTER SET utf8mb3 COLLATE utf8mb3_unicode_ci,
  `title2` varchar(255) CHARACTER SET utf8mb3 COLLATE utf8mb3_unicode_ci DEFAULT NULL,
  `content` text CHARACTER SET utf8mb3 COLLATE utf8mb3_unicode_ci,
  `url` text CHARACTER SET utf8mb3 COLLATE utf8mb3_general_ci,
  `change_c_name` varchar(255) CHARACTER SET utf8mb3 COLLATE utf8mb3_general_ci DEFAULT NULL,
  `change_e_name` varchar(255) CHARACTER SET utf8mb3 COLLATE utf8mb3_general_ci DEFAULT NULL,
  `is_show` int NOT NULL DEFAULT '1',
  `sort` int DEFAULT '100',
  `pic` varchar(255) CHARACTER SET utf8mb3 COLLATE utf8mb3_general_ci DEFAULT NULL,
  `pic_m` varchar(255) CHARACTER SET utf8mb3 COLLATE utf8mb3_unicode_ci DEFAULT NULL,
  `img_text` varchar(255) CHARACTER SET utf8mb3 COLLATE utf8mb3_unicode_ci DEFAULT NULL
) ENGINE=MyISAM DEFAULT CHARSET=utf8mb3 COLLATE=utf8mb3_unicode_ci;

-- --------------------------------------------------------

--
-- 資料表結構 `_web_case_group`
--

CREATE TABLE `_web_case_group` (
  `id` int NOT NULL,
  `title` varchar(255) CHARACTER SET utf8mb3 COLLATE utf8mb3_general_ci NOT NULL,
  `pic` varchar(255) CHARACTER SET utf8mb3 COLLATE utf8mb3_general_ci DEFAULT NULL,
  `sort` int DEFAULT '100',
  `is_show` int DEFAULT '1'
) ENGINE=MyISAM DEFAULT CHARSET=utf8mb3;

-- --------------------------------------------------------

--
-- 資料表結構 `_web_case_group2`
--

CREATE TABLE `_web_case_group2` (
  `id` int NOT NULL,
  `title` varchar(255) CHARACTER SET utf8mb3 COLLATE utf8mb3_general_ci NOT NULL,
  `group_id` int DEFAULT NULL,
  `pic` varchar(255) CHARACTER SET utf8mb3 COLLATE utf8mb3_general_ci DEFAULT NULL,
  `sort` int DEFAULT '100',
  `is_show` int DEFAULT '1'
) ENGINE=MyISAM DEFAULT CHARSET=utf8mb3;

-- --------------------------------------------------------

--
-- 資料表結構 `_web_case_pic`
--

CREATE TABLE `_web_case_pic` (
  `id` int NOT NULL,
  `case_id` int DEFAULT NULL,
  `pic` varchar(255) CHARACTER SET utf8mb3 COLLATE utf8mb3_general_ci DEFAULT NULL,
  `sort` int DEFAULT '100',
  `is_show` int DEFAULT '1'
) ENGINE=MyISAM DEFAULT CHARSET=utf8mb3;

-- --------------------------------------------------------

--
-- 資料表結構 `_web_charge`
--

CREATE TABLE `_web_charge` (
  `id` int NOT NULL,
  `title` varchar(255) CHARACTER SET utf8mb3 COLLATE utf8mb3_general_ci NOT NULL,
  `fee` double(10,2) NOT NULL DEFAULT '0.00',
  `myself_fee` double(10,2) NOT NULL COMMENT '自建躉售費率',
  `myself_create_fee` int NOT NULL COMMENT '自建回收年現每2坪成本',
  `rent_fee` double(10,2) NOT NULL COMMENT '出租躉售費率',
  `rent_rate` double(10,2) NOT NULL COMMENT '出租租金比例',
  `other` varchar(255) DEFAULT NULL,
  `pic` varchar(255) CHARACTER SET utf8mb3 COLLATE utf8mb3_general_ci DEFAULT NULL,
  `sort` int DEFAULT '100',
  `is_show` int DEFAULT '1'
) ENGINE=MyISAM DEFAULT CHARSET=utf8mb3;

--
-- 傾印資料表的資料 `_web_charge`
--

INSERT INTO `_web_charge` (`id`, `title`, `fee`, `myself_fee`, `myself_create_fee`, `rent_fee`, `rent_rate`, `other`, `pic`, `sort`, `is_show`) VALUES
(1, '屋頂型', 0.00, 4.00, 45000, 4.00, 0.10, NULL, NULL, 100, 1),
(2, '鋼構型', 0.00, 6.00, 65000, 6.00, 0.10, NULL, NULL, 100, 1);

-- --------------------------------------------------------

--
-- 資料表結構 `_web_city`
--

CREATE TABLE `_web_city` (
  `id` int NOT NULL,
  `title` varchar(255) CHARACTER SET utf8mb3 COLLATE utf8mb3_general_ci NOT NULL,
  `fee` double(10,2) NOT NULL DEFAULT '0.00',
  `pic` varchar(255) CHARACTER SET utf8mb3 COLLATE utf8mb3_general_ci DEFAULT NULL,
  `sort` int DEFAULT '100',
  `is_show` int DEFAULT '1'
) ENGINE=MyISAM DEFAULT CHARSET=utf8mb3;

--
-- 傾印資料表的資料 `_web_city`
--

INSERT INTO `_web_city` (`id`, `title`, `fee`, `pic`, `sort`, `is_show`) VALUES
(1, '基隆市', 2.46, NULL, 100, 1),
(2, '臺北市', 2.63, NULL, 100, 1),
(3, '新北市', 2.63, NULL, 100, 1),
(4, '宜蘭縣', 2.55, NULL, 100, 1),
(5, '新竹市', 3.05, NULL, 100, 1),
(6, '新竹縣', 3.05, NULL, 100, 1),
(7, '桃園市', 2.90, NULL, 100, 1),
(8, '苗栗縣', 3.31, NULL, 100, 1),
(9, '臺中市', 3.30, NULL, 100, 1),
(10, '彰化縣', 3.63, NULL, 100, 1),
(11, '南投縣', 3.13, NULL, 100, 1),
(12, '嘉義市', 3.37, NULL, 100, 1),
(13, '嘉義縣', 3.37, NULL, 100, 1),
(14, '雲林縣', 3.48, NULL, 100, 1),
(15, '臺南市', 3.52, NULL, 100, 1),
(16, '高雄市', 3.30, NULL, 100, 1),
(17, '屏東縣', 3.14, NULL, 100, 1),
(18, '臺東縣', 2.66, NULL, 100, 1),
(19, '花蓮縣', 2.10, NULL, 100, 1),
(20, '金門縣', 3.12, NULL, 100, 1),
(21, '連江縣', 3.15, NULL, 100, 1),
(22, '澎湖縣', 3.48, NULL, 100, 1);

-- --------------------------------------------------------

--
-- 資料表結構 `_web_company`
--

CREATE TABLE `_web_company` (
  `id` int NOT NULL,
  `title` varchar(255) CHARACTER SET utf8mb3 COLLATE utf8mb3_general_ci NOT NULL,
  `url` varchar(255) DEFAULT NULL,
  `pic` varchar(255) CHARACTER SET utf8mb3 COLLATE utf8mb3_general_ci DEFAULT NULL,
  `img_text` varchar(255) DEFAULT NULL,
  `sort` int DEFAULT '100',
  `is_show` int DEFAULT '1'
) ENGINE=MyISAM DEFAULT CHARSET=utf8mb3;

--
-- 傾印資料表的資料 `_web_company`
--

INSERT INTO `_web_company` (`id`, `title`, `url`, `pic`, `img_text`, `sort`, `is_show`) VALUES
(14, '元晶', NULL, 'upload/company_picfile/2023/07/20230728170923380.JPG', NULL, 100, 1),
(13, '慧景', NULL, 'upload/company_picfile/2023/07/20230728170912454.JPG', NULL, 100, 1),
(12, '新望', NULL, 'upload/company_picfile/2023/07/20230728165452864.JPG', NULL, 100, 1),
(11, '華為', NULL, 'upload/company_picfile/2023/07/20230728165403857.JPG', NULL, 100, 1),
(9, '盈正', NULL, 'upload/company_picfile/2023/07/20230728165347147.JPG', NULL, 100, 1),
(10, 'solaredge', NULL, 'upload/company_picfile/2023/07/20230728165051574.JPG', NULL, 100, 1),
(15, '茂迪', NULL, 'upload/company_picfile/2023/07/20230728170931952.JPG', NULL, 100, 1),
(16, '聯合', NULL, 'upload/company_picfile/2023/07/20230728170939929.JPG', NULL, 100, 1),
(17, '虹運', NULL, 'upload/company_picfile/2023/07/20230728170949640.JPG', NULL, 100, 1);

-- --------------------------------------------------------

--
-- 資料表結構 `_web_contact`
--

CREATE TABLE `_web_contact` (
  `id` int NOT NULL,
  `name` varchar(255) CHARACTER SET utf8mb3 COLLATE utf8mb3_general_ci NOT NULL,
  `email` varchar(255) CHARACTER SET utf8mb3 COLLATE utf8mb3_general_ci DEFAULT NULL,
  `phone` varchar(255) CHARACTER SET utf8mb3 COLLATE utf8mb3_general_ci NOT NULL,
  `city` varchar(32) DEFAULT NULL,
  `state` varchar(32) DEFAULT NULL,
  `need` varchar(255) DEFAULT NULL,
  `address2` varchar(255) DEFAULT NULL,
  `company` varchar(255) DEFAULT NULL,
  `subject` text CHARACTER SET utf8mb3 COLLATE utf8mb3_general_ci,
  `content` text CHARACTER SET utf8mb3 COLLATE utf8mb3_general_ci,
  `compamy_url` varchar(255) DEFAULT NULL,
  `is_deal` tinyint DEFAULT NULL,
  `deal_time` datetime DEFAULT NULL,
  `add_time` datetime DEFAULT NULL,
  `contact_type` int DEFAULT NULL,
  `ip` char(20) DEFAULT NULL,
  `fax` varchar(30) DEFAULT NULL,
  `address` text,
  `charge_id` varchar(255) DEFAULT NULL,
  `types` varchar(255) CHARACTER SET utf8mb3 COLLATE utf8mb3_general_ci DEFAULT NULL,
  `city_id` varchar(255) DEFAULT NULL,
  `kw_p` varchar(255) DEFAULT NULL,
  `remark` text
) ENGINE=MyISAM DEFAULT CHARSET=utf8mb3;

--
-- 傾印資料表的資料 `_web_contact`
--

INSERT INTO `_web_contact` (`id`, `name`, `email`, `phone`, `city`, `state`, `need`, `address2`, `company`, `subject`, `content`, `compamy_url`, `is_deal`, `deal_time`, `add_time`, `contact_type`, `ip`, `fax`, `address`, `charge_id`, `types`, `city_id`, `kw_p`, `remark`) VALUES
(1, 'yy', 'yy@gmail.com', '071234567', NULL, NULL, NULL, NULL, NULL, NULL, '測試文字', NULL, 0, NULL, '2023-07-05 10:34:17', NULL, '114.33.144.11', NULL, NULL, NULL, NULL, NULL, NULL, NULL),
(2, 'yy', 'yy@gmail.com', '', NULL, NULL, '測試測試測試測試測試測試測試測試測試測試測試測試測試測試測試測試測試測試測試測試測試測試測試測試測試測試測試測試測試測試測試測試測試測試測試測試測試測試測試', NULL, NULL, NULL, NULL, NULL, 0, NULL, '2023-07-06 14:39:27', NULL, '114.33.144.11', NULL, NULL, '2', 'rent', '3', '120', NULL),
(3, 'yy3', 'yy@gmail.com', '', NULL, NULL, '測試3', NULL, NULL, NULL, NULL, NULL, 0, NULL, '2023-07-06 14:41:53', NULL, '114.33.144.11', NULL, NULL, '2', 'rent', '3', '100', NULL),
(4, 'test', 'doujian0924@yahoo.com.tw', '0988999888', NULL, NULL, NULL, NULL, NULL, NULL, 'test', NULL, 0, NULL, '2023-07-06 20:32:12', NULL, '180.217.249.248', NULL, NULL, NULL, NULL, NULL, NULL, NULL),
(5, 'yy', 'yy@gmail.com', '0958415884', NULL, NULL, NULL, NULL, NULL, NULL, '測試後台資料接收', NULL, 0, NULL, '2023-07-07 09:24:10', NULL, '114.33.144.11', NULL, NULL, '2', 'rent', '6', '12', NULL),
(6, '包廂內景', 'gogomani118@gmail.com', '0931940252', NULL, NULL, NULL, NULL, NULL, NULL, 'fff', NULL, 0, NULL, '2023-07-08 21:18:43', NULL, '36.238.3.144', NULL, NULL, '1', '0', '1', '100', NULL),
(7, 'Banner 1', NULL, '0931940252', NULL, NULL, NULL, NULL, NULL, NULL, 'ss', NULL, 0, NULL, '2023-07-08 21:20:16', NULL, '36.238.3.144', NULL, NULL, NULL, NULL, NULL, NULL, NULL),
(8, '包廂內景', 'gogomani118@gmail.com', '0931940252', NULL, NULL, NULL, NULL, NULL, NULL, '施 ', NULL, 0, NULL, '2023-07-09 15:26:30', NULL, '36.238.3.144', NULL, NULL, '2', '0', '9', '100', NULL),
(9, 'Banner 1', 'loving0935@gmail.com', '0931940252', NULL, NULL, NULL, NULL, NULL, NULL, '施', NULL, 0, NULL, '2023-07-09 15:27:59', NULL, '36.238.3.144', NULL, NULL, '2', '0', '8', '200', NULL),
(10, '包廂內景', 'loving935@hotmail.com.tw', '0931940252', NULL, NULL, NULL, NULL, NULL, NULL, '212', NULL, 0, NULL, '2023-07-09 16:10:18', NULL, '36.238.3.144', NULL, NULL, '1', '0', '10', '800', NULL),
(11, 'RD', 'doujian0924@yahoo.com.tw', '09888999888', NULL, NULL, NULL, NULL, NULL, NULL, 'RD', NULL, 0, NULL, '2023-07-09 22:13:01', NULL, '1.200.51.72', NULL, NULL, '1', 'myself', '2', '300', NULL),
(12, 'yy', 'yy@gmail.com', '0958415884', NULL, NULL, NULL, NULL, NULL, NULL, 'hk4g4gkkkokefopkpsoekfop', NULL, 0, NULL, '2023-07-10 09:55:36', NULL, '114.33.144.11', NULL, NULL, NULL, NULL, NULL, NULL, NULL),
(13, '莊家宜', 'caylachuang@wagikg.com.tw', '0939830535', NULL, NULL, NULL, NULL, NULL, NULL, '22', NULL, 0, NULL, '2023-07-18 11:25:21', NULL, '114.33.144.11', NULL, NULL, '1', 'myself', '17', '100', NULL),
(14, '林皓閔', 'cyhao0108@gmail.com', '112233456', NULL, NULL, NULL, NULL, NULL, NULL, '1231223123', NULL, 1, '2023-08-03 11:07:31', '2023-08-03 10:31:44', NULL, '36.232.242.12', NULL, NULL, NULL, NULL, NULL, NULL, '312'),
(15, '林皓閔', 'cyhao0108@gmail.com', '123213', NULL, NULL, NULL, NULL, NULL, NULL, '12213213', NULL, 0, NULL, '2023-08-03 10:33:04', NULL, '36.232.242.12', NULL, NULL, '2', 'rent', '14', '60', NULL);

-- --------------------------------------------------------

--
-- 資料表結構 `_web_faq`
--

CREATE TABLE `_web_faq` (
  `id` int NOT NULL,
  `category_id` int DEFAULT NULL COMMENT '分類ID',
  `title` varchar(255) DEFAULT NULL COMMENT '標題',
  `description` text COMMENT '簡介',
  `content` text COMMENT '內容',
  `pic` varchar(255) DEFAULT NULL COMMENT '列表圖片',
  `pic2` varchar(255) DEFAULT NULL COMMENT '首頁圖片',
  `newsdt` date DEFAULT NULL COMMENT '上架日期',
  `sort` int NOT NULL DEFAULT '100' COMMENT '排序',
  `is_show` tinyint NOT NULL COMMENT '是否啟用',
  `is_top` tinyint(1) DEFAULT '0' COMMENT '設定至首頁'
) ENGINE=MyISAM DEFAULT CHARSET=utf8mb3;

--
-- 傾印資料表的資料 `_web_faq`
--

INSERT INTO `_web_faq` (`id`, `category_id`, `title`, `description`, `content`, `pic`, `pic2`, `newsdt`, `sort`, `is_show`, `is_top`) VALUES
(1, 1, '出租屋頂真的都不用花錢嗎？', NULL, '<p style=\"margin: 0px;\">設備不但不用您花錢，還能共享額外的賣電回饋，更幫助推動乾淨的再生能源，可謂一舉多得！</p>\r\n', NULL, NULL, NULL, 1, 1, 0),
(2, 1, '出租屋頂需要什麼條件呢？', NULL, '<p>1. 屋頂面積15坪以上<br />\r\n2. 屋齡不超過45年<br />\r\n3. 建物有取得使用執照、建物所有權狀等合法登記文件<br />\r\n4. 建物無違建、增建之合法建築<br />\r\n5. 建物四周無嚴重遮蔽物</p>\r\n', NULL, NULL, NULL, 2, 1, 0),
(12, 6, '租金會有稅收的問題嗎？', NULL, '<p>屋頂出租裝設太陽光電並不會影響房屋稅及地價稅哦！<br />\r\n依照財政部民國99年12月10日台財稅字第09904544950號解釋：<br />\r\n1.若您為公司組織：不論其銷售額高低，均應辦理營業登記並開立統一發票報繳營業稅。<br />\r\n2.若您為自然人：如屬無其他銷售行為且最近 6 個月平均每月銷售額未達 8 萬元者，得免辦理營業登記並免課徵營業稅，由電業（即台電）於付款時，填報「個人一時貿易資料申報表」予該自然人，並由該自然人按營利所得申報繳納個人綜合所得稅。<br />\r\n3.若您為其他非以營利為目的之事業、團體、組織：如屬無其他銷售行為且最近 6 個月平均每月銷售額未達 8 萬元者，得免辦理營業登記，免課徵營業稅。</p>\r\n', NULL, NULL, NULL, 100, 1, 0),
(3, 1, '租期要多久？', NULL, '<p>20年，此租期與售電給台電時，需與台電簽『再生能源太陽光電發電系統電能購售契約』之期限相同，租約起始日從台電掛表日開始計算。</p>\r\n', NULL, NULL, NULL, 3, 1, 0),
(4, 5, '結構夠承受強風和暴雨嗎？', NULL, '<p>太陽能板基本上皆以檢驗合格之鋼構或鋁支撐架支撐，結構設計皆經過專業的結構技師計算簽證，結構強度最高可承受15級陣風。</p>\r\n', NULL, NULL, NULL, 1, 1, 0),
(10, 6, '台電保證購電20年，那20年後呢？', NULL, '<p>合約期限到期後有兩種選擇：<br />\r\n1. 與台電續約，繼續賣電給台電，合約期限改為5年為一期，費率則以台電當年度公告的躉售費率為準。<br />\r\n2. 關於太陽光電的技術與市場條件逐漸成熟，可選擇加裝儲電設備，自發自用。<br />\r\n3. 出租屋頂若20年到期後不打算續約，設備的回收與拆除，皆由我司或投資方全權負責，並將屋頂恢復原狀。</p>\r\n', NULL, NULL, NULL, 100, 1, 0),
(6, 5, '裝設太陽光電發電系統會影響原住家的電力系統嗎？', NULL, '<p>兩者分別為獨立的電力系統，施工時並不會改變原住家電力系統的任何線路。</p>\r\n', NULL, NULL, NULL, 5, 1, 0),
(7, 5, '發電設備是否會產生噪音或造成電磁波危害呢？', NULL, '<p>太陽光電發電設備運轉時並不會產生噪音哦！發電設備主要由太陽光電模組與變流器組成。模組輸出為直流電，並不會產生高頻幅射的問題，而變流器的功能為將直流電轉換成交流電，整體產生的電磁波強度相當於一般家用電器(例如：電腦)。發電設備皆符合國際電磁波干擾與相容規範，也遠低於環保署所規訂的環境建議值，故設備運轉時並不會發生電磁波危害人體之問題。</p>\r\n', NULL, NULL, NULL, 2, 1, 0),
(13, 5, '加裝太陽能會不會造成房屋漏水？', NULL, '<p>我司所配合的安裝工程廠商已有上百場的施工經驗，不論屋頂是RC結構還是鐵皮浪板，施工處廠商皆有加強防水工程，除此之外，我司也有安排工務加強巡檢以確認工程完善。</p>\r\n', NULL, NULL, NULL, 100, 1, 0),
(14, 6, '如果都沒有收到租金怎麼辦？', NULL, '<p>雙方簽訂租賃合約之後，都會經過公證手續，若投資方有租金遲繳或任何相關權益損失，不須訴訟就可請求法院強制執行，確保屋主的權利獲得保障。</p>\r\n', NULL, NULL, NULL, 100, 1, 0),
(11, 6, '投資太陽能發電有什麼好處？', NULL, '<p>投資太陽能發現有什麼好處？<br />\r\n1. 有效利用閒置的屋頂額外賺取租金收入。<br />\r\n2. 合法的遮光罩、遮雨棚，能幫助頂樓降溫3-5度，亦可延長屋頂防水層年限。<br />\r\n3. 與其他投資方案相比，因台電保證收購20年，且費率無隨年遞減，每年固定獲利，可說是高投資報酬率。</p>\r\n', NULL, NULL, NULL, 100, 1, 0),
(8, 5, ' 太陽光發電設備需定期清潔、維護嗎？', NULL, '<p>太陽能光電模組表面若有太多灰塵、樹葉、或鳥屎，將會影響發電效率，長期下來更有可能造成模組發電效率衰退。嚴重可能還會導致模組產生熱斑。太陽能板的清洗一律使用清水，不添加任何化學洗劑，所以安全上不會有疑慮。設計太陽光電模組可盡量傾斜鋪設，進而利用雨水達到清洗的功能，但除此之外，還是建議定期清洗，維持設備發電效率。</p>\r\n', NULL, NULL, NULL, 4, 1, 0),
(9, 5, '陰天也可以發電嗎？', NULL, '<p>太陽光電發電設備在陰雨天仍會產生電能，但因為陰天的日射量較晴天低，電量通常為晴天時的一半，甚至可能更低。</p>\r\n', NULL, NULL, NULL, 3, 1, 0);

-- --------------------------------------------------------

--
-- 資料表結構 `_web_faq_group`
--

CREATE TABLE `_web_faq_group` (
  `id` int NOT NULL,
  `title` varchar(255) CHARACTER SET utf8mb3 COLLATE utf8mb3_unicode_ci NOT NULL,
  `pic` varchar(255) CHARACTER SET utf8mb3 COLLATE utf8mb3_unicode_ci DEFAULT NULL,
  `img_text` varchar(255) CHARACTER SET utf8mb3 COLLATE utf8mb3_unicode_ci DEFAULT NULL,
  `content` text CHARACTER SET utf8mb3 COLLATE utf8mb3_unicode_ci,
  `sort` int DEFAULT '100',
  `is_top` int DEFAULT '0',
  `is_show` int DEFAULT '1'
) ENGINE=InnoDB DEFAULT CHARSET=utf8mb3 COLLATE=utf8mb3_unicode_ci;

--
-- 傾印資料表的資料 `_web_faq_group`
--

INSERT INTO `_web_faq_group` (`id`, `title`, `pic`, `img_text`, `content`, `sort`, `is_top`, `is_show`) VALUES
(1, '關於屋頂出租', NULL, NULL, NULL, 100, 0, 1),
(5, '關於發電設備', NULL, NULL, NULL, 100, 0, 1),
(6, '關於投資效益', NULL, NULL, NULL, 100, 0, 1);

-- --------------------------------------------------------

--
-- 資料表結構 `_web_news`
--

CREATE TABLE `_web_news` (
  `id` int NOT NULL,
  `category_id` int DEFAULT NULL COMMENT '分類ID',
  `title` varchar(255) DEFAULT NULL COMMENT '標題',
  `description` text COMMENT '簡介',
  `content` text COMMENT '內容',
  `pic` varchar(255) DEFAULT NULL COMMENT '列表圖片',
  `img_text` varchar(255) DEFAULT NULL,
  `pic2` varchar(255) DEFAULT NULL COMMENT '首頁圖片',
  `newsdt` date NOT NULL COMMENT '上架日期',
  `blog_keyword` varchar(255) DEFAULT NULL,
  `sort` int NOT NULL DEFAULT '100' COMMENT '排序',
  `is_show` tinyint NOT NULL COMMENT '是否啟用',
  `is_top` tinyint(1) NOT NULL DEFAULT '0' COMMENT '設定至首頁'
) ENGINE=MyISAM DEFAULT CHARSET=utf8mb3;

--
-- 傾印資料表的資料 `_web_news`
--

INSERT INTO `_web_news` (`id`, `category_id`, `title`, `description`, `content`, `pic`, `img_text`, `pic2`, `newsdt`, `blog_keyword`, `sort`, `is_show`, `is_top`) VALUES
(3, 1, '112年度再生能源台電躉購費率', '112年度再生能源台電躉購費率', '<p>經濟部預告 2023 年再生能源躉購費率，與今年相比，除了太陽能費率下調，其他能源都持平或是微幅上升，不過太陽能費率調降。<br />\r\n明年太陽能躉購費率依然採一年二期，第一期費率介於每度 3.92~5.83 元，平均每度 4.4045 元，第二期費率介於每度 3.85~5.73 元，與今年相比平均微降 1~3%。不過今年太陽能上游原料價格大漲，多晶矽、矽晶片的價格維持高檔，持續推高太陽能電池以及太陽能模組價格，業界原料想明年躉購費率有機會持平或提高，元晶太陽能指出，目前太陽能整體成本並沒有下降，人工費用也持續增加。預估明年下半年模組端才會有明顯鬆動，但是鋼材、人力成本還是會居高不下。</p>\r\n\r\n<p><img alt=\"\" src=\"/upload/images/%E8%9E%A2%E5%B9%95%E6%93%B7%E5%8F%96%E7%95%AB%E9%9D%A2%202023-08-02%20170812.png\" />​</p>\r\n\r\n<p><img alt=\"\" src=\"/upload/images/%E8%9E%A2%E5%B9%95%E6%93%B7%E5%8F%96%E7%95%AB%E9%9D%A2%202023-08-02%20171131.png\" /></p>\r\n', 'upload/picfile/2023/07/20230706141734490.png', '測試分類2 文章', 'upload/picfile2/2023/07/20230708143428789_small.jpg', '2023-01-01', NULL, 100, 1, 1);

-- --------------------------------------------------------

--
-- 資料表結構 `_web_news_group`
--

CREATE TABLE `_web_news_group` (
  `id` int NOT NULL,
  `title` varchar(255) CHARACTER SET utf8mb3 COLLATE utf8mb3_unicode_ci NOT NULL,
  `sort` int DEFAULT '100',
  `is_show` int DEFAULT '1'
) ENGINE=InnoDB DEFAULT CHARSET=utf8mb3 COLLATE=utf8mb3_unicode_ci;

--
-- 傾印資料表的資料 `_web_news_group`
--

INSERT INTO `_web_news_group` (`id`, `title`, `sort`, `is_show`) VALUES
(1, '躉售費率', 100, 1),
(2, '分類標題2', 100, 1),
(3, '分類3', 100, 0);

-- --------------------------------------------------------

--
-- 資料表結構 `_web_seo_set`
--

CREATE TABLE `_web_seo_set` (
  `id` int NOT NULL,
  `ga` text,
  `ga4` text,
  `gtm` text,
  `gtm_body` text,
  `fb_pixer` text,
  `fb_pixer_meta` text,
  `og_title` varchar(255) DEFAULT NULL,
  `og_content` varchar(255) DEFAULT NULL,
  `og_des` varchar(255) DEFAULT NULL,
  `og_img` varchar(255) DEFAULT NULL,
  `og_json` text
) ENGINE=InnoDB DEFAULT CHARSET=utf8mb3;

--
-- 傾印資料表的資料 `_web_seo_set`
--

INSERT INTO `_web_seo_set` (`id`, `ga`, `ga4`, `gtm`, `gtm_body`, `fb_pixer`, `fb_pixer_meta`, `og_title`, `og_content`, `og_des`, `og_img`, `og_json`) VALUES
(1, NULL, NULL, NULL, '  <!-- Google Tag Manager (noscript) -->\r\n  <noscript><iframe src=\"https://www.googletagmanager.com/ns.html?id=GTM-MLBCFFV\" height=\"0\" width=\"0\"\r\n      style=\"display:none;visibility:hidden\"></iframe></noscript>\r\n  <!-- End Google Tag Manager (noscript) -->', NULL, NULL, NULL, NULL, NULL, NULL, NULL);

-- --------------------------------------------------------

--
-- 資料表結構 `_web_set`
--

CREATE TABLE `_web_set` (
  `id` int NOT NULL,
  `lang_id` int DEFAULT NULL,
  `key_id` varchar(255) DEFAULT NULL,
  `web_title` varchar(255) DEFAULT NULL,
  `contract_email` varchar(255) DEFAULT NULL,
  `contract_address` varchar(255) DEFAULT NULL,
  `contract_tel` varchar(255) DEFAULT NULL,
  `contract_content` text,
  `contract_time` varchar(255) DEFAULT NULL,
  `ebay` text,
  `youtube` text,
  `twitter` text,
  `qrcode` varchar(255) DEFAULT NULL,
  `mobile` varchar(255) DEFAULT NULL,
  `line` text,
  `facebook` text,
  `facebook_message` text,
  `instagram` text,
  `wechat` text,
  `google_map` text,
  `google_analytics` text,
  `index_banner` varchar(255) DEFAULT NULL,
  `web_logo` varchar(255) DEFAULT NULL,
  `web_footer_logo` varchar(255) DEFAULT NULL
) ENGINE=InnoDB DEFAULT CHARSET=utf8mb3;

--
-- 傾印資料表的資料 `_web_set`
--

INSERT INTO `_web_set` (`id`, `lang_id`, `key_id`, `web_title`, `contract_email`, `contract_address`, `contract_tel`, `contract_content`, `contract_time`, `ebay`, `youtube`, `twitter`, `qrcode`, `mobile`, `line`, `facebook`, `facebook_message`, `instagram`, `wechat`, `google_map`, `google_analytics`, `index_banner`, `web_logo`, `web_footer_logo`) VALUES
(1, NULL, NULL, NULL, NULL, NULL, NULL, NULL, NULL, NULL, NULL, NULL, NULL, NULL, 'https://lin.ee/oCJNdAO', 'https://www.facebook.com/CiaoLi742/', 'https://www.facebook.com/messages/t/127270593622372', 'https://www.instagram.com/chaoyux520', NULL, NULL, NULL, NULL, 'upload/web_logo/2021/06/20210618031454310.png', NULL);

--
-- 資料表索引 `_sys_group`
--
ALTER TABLE `_sys_group`
  ADD PRIMARY KEY (`id`);

--
-- 資料表索引 `_sys_group_perm`
--
ALTER TABLE `_sys_group_perm`
  ADD PRIMARY KEY (`id`),
  ADD KEY `admin_id` (`admin_id`),
  ADD KEY `group_id` (`group_id`),
  ADD KEY `perm_id` (`perm_id`);

--
-- 資料表索引 `_sys_section`
--
ALTER TABLE `_sys_section`
  ADD PRIMARY KEY (`id`);

--
-- 資料表索引 `_web_about`
--
ALTER TABLE `_web_about`
  ADD PRIMARY KEY (`id`);

--
-- 資料表索引 `_web_ad`
--
ALTER TABLE `_web_ad`
  ADD PRIMARY KEY (`id`);

--
-- 資料表索引 `_web_album`
--
ALTER TABLE `_web_album`
  ADD PRIMARY KEY (`id`);

--
-- 資料表索引 `_web_album_group`
--
ALTER TABLE `_web_album_group`
  ADD PRIMARY KEY (`id`);

--
-- 資料表索引 `_web_album_pic`
--
ALTER TABLE `_web_album_pic`
  ADD PRIMARY KEY (`id`);

--
-- 資料表索引 `_web_banner`
--
ALTER TABLE `_web_banner`
  ADD PRIMARY KEY (`id`);

--
-- 資料表索引 `_web_blog`
--
ALTER TABLE `_web_blog`
  ADD PRIMARY KEY (`id`);

--
-- 資料表索引 `_web_blog_group`
--
ALTER TABLE `_web_blog_group`
  ADD PRIMARY KEY (`id`);

--
-- 資料表索引 `_web_case`
--
ALTER TABLE `_web_case`
  ADD PRIMARY KEY (`id`);

--
-- 資料表索引 `_web_case_banner`
--
ALTER TABLE `_web_case_banner`
  ADD PRIMARY KEY (`id`);

--
-- 資料表索引 `_web_case_group`
--
ALTER TABLE `_web_case_group`
  ADD PRIMARY KEY (`id`);

--
-- 資料表索引 `_web_case_group2`
--
ALTER TABLE `_web_case_group2`
  ADD PRIMARY KEY (`id`);

--
-- 資料表索引 `_web_case_pic`
--
ALTER TABLE `_web_case_pic`
  ADD PRIMARY KEY (`id`);

--
-- 資料表索引 `_web_charge`
--
ALTER TABLE `_web_charge`
  ADD PRIMARY KEY (`id`);

--
-- 資料表索引 `_web_city`
--
ALTER TABLE `_web_city`
  ADD PRIMARY KEY (`id`);

--
-- 資料表索引 `_web_company`
--
ALTER TABLE `_web_company`
  ADD PRIMARY KEY (`id`);

--
-- 資料表索引 `_web_contact`
--
ALTER TABLE `_web_contact`
  ADD PRIMARY KEY (`id`);

--
-- 資料表索引 `_web_faq`
--
ALTER TABLE `_web_faq`
  ADD PRIMARY KEY (`id`);

--
-- 資料表索引 `_web_faq_group`
--
ALTER TABLE `_web_faq_group`
  ADD PRIMARY KEY (`id`);

--
-- 資料表索引 `_web_news`
--
ALTER TABLE `_web_news`
  ADD PRIMARY KEY (`id`);

--
-- 資料表索引 `_web_news_group`
--
ALTER TABLE `_web_news_group`
  ADD PRIMARY KEY (`id`);

--
-- 資料表索引 `_web_seo_set`
--
ALTER TABLE `_web_seo_set`
  ADD PRIMARY KEY (`id`);

--
-- 資料表索引 `_web_set`
--
ALTER TABLE `_web_set`
  ADD PRIMARY KEY (`id`);

--
-- 使用資料表自動遞增(AUTO_INCREMENT) `_sys_group`
--
ALTER TABLE `_sys_group`
  MODIFY `id` int NOT NULL AUTO_INCREMENT, AUTO_INCREMENT=103;

--
-- 使用資料表自動遞增(AUTO_INCREMENT) `_sys_group_perm`
--
ALTER TABLE `_sys_group_perm`
  MODIFY `id` int NOT NULL AUTO_INCREMENT, AUTO_INCREMENT=2098;

--
-- 使用資料表自動遞增(AUTO_INCREMENT) `_sys_section`
--
ALTER TABLE `_sys_section`
  MODIFY `id` int NOT NULL AUTO_INCREMENT, AUTO_INCREMENT=156;

--
-- 使用資料表自動遞增(AUTO_INCREMENT) `_web_about`
--
ALTER TABLE `_web_about`
  MODIFY `id` int NOT NULL AUTO_INCREMENT;

--
-- 使用資料表自動遞增(AUTO_INCREMENT) `_web_ad`
--
ALTER TABLE `_web_ad`
  MODIFY `id` int NOT NULL AUTO_INCREMENT;

--
-- 使用資料表自動遞增(AUTO_INCREMENT) `_web_album`
--
ALTER TABLE `_web_album`
  MODIFY `id` int NOT NULL AUTO_INCREMENT, AUTO_INCREMENT=31;

--
-- 使用資料表自動遞增(AUTO_INCREMENT) `_web_album_group`
--
ALTER TABLE `_web_album_group`
  MODIFY `id` int NOT NULL AUTO_INCREMENT, AUTO_INCREMENT=7;

--
-- 使用資料表自動遞增(AUTO_INCREMENT) `_web_album_pic`
--
ALTER TABLE `_web_album_pic`
  MODIFY `id` int NOT NULL AUTO_INCREMENT, AUTO_INCREMENT=203;

--
-- 使用資料表自動遞增(AUTO_INCREMENT) `_web_banner`
--
ALTER TABLE `_web_banner`
  MODIFY `id` int NOT NULL AUTO_INCREMENT, AUTO_INCREMENT=11;

--
-- 使用資料表自動遞增(AUTO_INCREMENT) `_web_blog`
--
ALTER TABLE `_web_blog`
  MODIFY `id` int NOT NULL AUTO_INCREMENT, AUTO_INCREMENT=18;

--
-- 使用資料表自動遞增(AUTO_INCREMENT) `_web_blog_group`
--
ALTER TABLE `_web_blog_group`
  MODIFY `id` int NOT NULL AUTO_INCREMENT, AUTO_INCREMENT=4;

--
-- 使用資料表自動遞增(AUTO_INCREMENT) `_web_case`
--
ALTER TABLE `_web_case`
  MODIFY `id` int NOT NULL AUTO_INCREMENT;

--
-- 使用資料表自動遞增(AUTO_INCREMENT) `_web_case_banner`
--
ALTER TABLE `_web_case_banner`
  MODIFY `id` int NOT NULL AUTO_INCREMENT;

--
-- 使用資料表自動遞增(AUTO_INCREMENT) `_web_case_group`
--
ALTER TABLE `_web_case_group`
  MODIFY `id` int NOT NULL AUTO_INCREMENT;

--
-- 使用資料表自動遞增(AUTO_INCREMENT) `_web_case_group2`
--
ALTER TABLE `_web_case_group2`
  MODIFY `id` int NOT NULL AUTO_INCREMENT;

--
-- 使用資料表自動遞增(AUTO_INCREMENT) `_web_case_pic`
--
ALTER TABLE `_web_case_pic`
  MODIFY `id` int NOT NULL AUTO_INCREMENT;

--
-- 使用資料表自動遞增(AUTO_INCREMENT) `_web_charge`
--
ALTER TABLE `_web_charge`
  MODIFY `id` int NOT NULL AUTO_INCREMENT, AUTO_INCREMENT=3;

--
-- 使用資料表自動遞增(AUTO_INCREMENT) `_web_city`
--
ALTER TABLE `_web_city`
  MODIFY `id` int NOT NULL AUTO_INCREMENT, AUTO_INCREMENT=23;

--
-- 使用資料表自動遞增(AUTO_INCREMENT) `_web_company`
--
ALTER TABLE `_web_company`
  MODIFY `id` int NOT NULL AUTO_INCREMENT, AUTO_INCREMENT=18;

--
-- 使用資料表自動遞增(AUTO_INCREMENT) `_web_contact`
--
ALTER TABLE `_web_contact`
  MODIFY `id` int NOT NULL AUTO_INCREMENT, AUTO_INCREMENT=16;

--
-- 使用資料表自動遞增(AUTO_INCREMENT) `_web_faq`
--
ALTER TABLE `_web_faq`
  MODIFY `id` int NOT NULL AUTO_INCREMENT, AUTO_INCREMENT=15;

--
-- 使用資料表自動遞增(AUTO_INCREMENT) `_web_faq_group`
--
ALTER TABLE `_web_faq_group`
  MODIFY `id` int NOT NULL AUTO_INCREMENT, AUTO_INCREMENT=7;

--
-- 使用資料表自動遞增(AUTO_INCREMENT) `_web_news`
--
ALTER TABLE `_web_news`
  MODIFY `id` int NOT NULL AUTO_INCREMENT, AUTO_INCREMENT=4;

--
-- 使用資料表自動遞增(AUTO_INCREMENT) `_web_news_group`
--
ALTER TABLE `_web_news_group`
  MODIFY `id` int NOT NULL AUTO_INCREMENT, AUTO_INCREMENT=4;

--
-- 使用資料表自動遞增(AUTO_INCREMENT) `_web_seo_set`
--
ALTER TABLE `_web_seo_set`
  MODIFY `id` int NOT NULL AUTO_INCREMENT, AUTO_INCREMENT=2;

--
-- 使用資料表自動遞增(AUTO_INCREMENT) `_web_set`
--
ALTER TABLE `_web_set`
  MODIFY `id` int NOT NULL AUTO_INCREMENT, AUTO_INCREMENT=2;
COMMIT;

